Last updated on 2025-10-21 17:49:43 CEST.
Flavor | Version | Tinstall | Tcheck | Ttotal | Status | Flags |
---|---|---|---|---|---|---|
r-devel-linux-x86_64-debian-clang | 1.0.0 | 2.23 | 34.17 | 36.40 | NOTE | |
r-devel-linux-x86_64-debian-gcc | 1.0.0 | 1.72 | 24.72 | 26.44 | NOTE | |
r-devel-linux-x86_64-fedora-clang | 1.0.0 | 39.45 | OK | |||
r-devel-linux-x86_64-fedora-gcc | 1.0.0 | 51.55 | OK | |||
r-devel-windows-x86_64 | 1.0.0 | 3.00 | 48.00 | 51.00 | OK | |
r-patched-linux-x86_64 | 1.0.0 | 2.53 | 31.84 | 34.37 | NOTE | |
r-release-linux-x86_64 | 1.0.0 | 2.20 | 31.94 | 34.14 | NOTE | |
r-release-macos-arm64 | 1.0.0 | 1.00 | 21.00 | 22.00 | OK | |
r-release-macos-x86_64 | 1.0.0 | 2.00 | 30.00 | 32.00 | OK | |
r-release-windows-x86_64 | 1.0.0 | 3.00 | 54.00 | 57.00 | OK | |
r-oldrel-macos-arm64 | 1.0.0 | 1.00 | 23.00 | 24.00 | OK | |
r-oldrel-macos-x86_64 | 1.0.0 | 2.00 | 25.00 | 27.00 | OK | |
r-oldrel-windows-x86_64 | 1.0.0 | 3.00 | 49.00 | 52.00 | OK |
Version: 1.0.0
Check: for unstated dependencies in ‘demo’
Result: NOTE
'library' or 'require' call not declared from: ‘deSolve’
Flavors: r-devel-linux-x86_64-debian-clang, r-devel-linux-x86_64-debian-gcc, r-patched-linux-x86_64, r-release-linux-x86_64