Last updated on 2025-10-22 05:51:02 CEST.
Flavor | Version | Tinstall | Tcheck | Ttotal | Status | Flags |
---|---|---|---|---|---|---|
r-devel-linux-x86_64-debian-clang | 0.1.1 | 10.07 | 108.04 | 118.11 | NOTE | |
r-devel-linux-x86_64-debian-gcc | 0.1.1 | 7.07 | 73.45 | 80.52 | NOTE | |
r-devel-linux-x86_64-fedora-clang | 0.1.1 | 43.00 | 144.04 | 187.04 | NOTE | |
r-devel-linux-x86_64-fedora-gcc | 0.1.1 | 21.00 | 175.76 | 196.76 | NOTE | |
r-devel-windows-x86_64 | 0.1.1 | 11.00 | 107.00 | 118.00 | NOTE | |
r-patched-linux-x86_64 | 0.1.1 | 9.53 | 100.40 | 109.93 | NOTE | |
r-release-linux-x86_64 | 0.1.1 | 9.38 | 99.53 | 108.91 | NOTE | |
r-release-macos-arm64 | 0.1.1 | 5.00 | 55.00 | 60.00 | NOTE | |
r-release-macos-x86_64 | 0.1.1 | 13.00 | 119.00 | 132.00 | OK | |
r-release-windows-x86_64 | 0.1.1 | 14.00 | 108.00 | 122.00 | NOTE | |
r-oldrel-macos-arm64 | 0.1.1 | 5.00 | 55.00 | 60.00 | OK | |
r-oldrel-macos-x86_64 | 0.1.1 | 7.00 | 93.00 | 100.00 | OK | |
r-oldrel-windows-x86_64 | 0.1.1 | 16.00 | 136.00 | 152.00 | OK |
Version: 0.1.1
Check: DESCRIPTION meta-information
Result: NOTE
Missing dependency on R >= 4.2.0 because package code uses the pipe
placeholder syntax added in R 4.2.0.
File(s) using such syntax:
‘cosinor-constructor.R’
Flavors: r-devel-linux-x86_64-debian-clang, r-devel-linux-x86_64-debian-gcc, r-devel-linux-x86_64-fedora-clang, r-devel-linux-x86_64-fedora-gcc, r-devel-windows-x86_64, r-patched-linux-x86_64, r-release-linux-x86_64, r-release-macos-arm64, r-release-windows-x86_64