CRAN Package Check Results for Package carrier

Last updated on 2025-10-21 23:50:49 CEST.

Flavor Version Tinstall Tcheck Ttotal Status Flags
r-devel-linux-x86_64-debian-clang 0.3.0.4 2.08 27.80 29.88 NOTE
r-devel-linux-x86_64-debian-gcc 0.3.0.4 1.63 22.69 24.32 NOTE
r-devel-linux-x86_64-fedora-clang 0.3.0.4 41.49 OK
r-devel-linux-x86_64-fedora-gcc 0.3.0.4 39.63 OK
r-devel-windows-x86_64 0.3.0.4 4.00 42.00 46.00 OK
r-patched-linux-x86_64 0.3.0.4 2.08 24.41 26.49 OK
r-release-linux-x86_64 0.3.0.4 2.02 24.46 26.48 OK
r-release-macos-arm64 0.3.0.4 1.00 21.00 22.00 OK
r-release-macos-x86_64 0.3.0.4 2.00 48.00 50.00 OK
r-release-windows-x86_64 0.3.0.4 4.00 44.00 48.00 OK
r-oldrel-macos-arm64 0.3.0.4 2.00 30.00 32.00 OK
r-oldrel-macos-x86_64 0.3.0.4 2.00 53.00 55.00 OK
r-oldrel-windows-x86_64 0.3.0.4 4.00 51.00 55.00 OK

Check Details

Version: 0.3.0.4
Check: HTML version of manual
Result: NOTE Found the following HTML validation problems: is_crate.html:46:1 (is_crate.Rd:10): Warning: missing </ul> before </div> Flavors: r-devel-linux-x86_64-debian-clang, r-devel-linux-x86_64-debian-gcc