Last updated on 2025-10-21 17:49:43 CEST.
Flavor | Version | Tinstall | Tcheck | Ttotal | Status | Flags |
---|---|---|---|---|---|---|
r-devel-linux-x86_64-debian-clang | 0.1.0 | 9.31 | 61.85 | 71.16 | NOTE | |
r-devel-linux-x86_64-debian-gcc | 0.1.0 | 6.00 | 46.83 | 52.83 | NOTE | |
r-devel-linux-x86_64-fedora-clang | 0.1.0 | 19.00 | 87.99 | 106.99 | NOTE | |
r-devel-linux-x86_64-fedora-gcc | 0.1.0 | 19.00 | 113.13 | 132.13 | NOTE | |
r-devel-windows-x86_64 | 0.1.0 | 10.00 | 77.00 | 87.00 | OK | |
r-patched-linux-x86_64 | 0.1.0 | 9.21 | 56.03 | 65.24 | OK | |
r-release-linux-x86_64 | 0.1.0 | 9.10 | 56.50 | 65.60 | OK | |
r-release-macos-arm64 | 0.1.0 | 3.00 | 39.00 | 42.00 | OK | |
r-release-macos-x86_64 | 0.1.0 | 8.00 | 77.00 | 85.00 | OK | |
r-release-windows-x86_64 | 0.1.0 | 11.00 | 77.00 | 88.00 | OK | |
r-oldrel-macos-arm64 | 0.1.0 | 4.00 | 36.00 | 40.00 | NOTE | |
r-oldrel-macos-x86_64 | 0.1.0 | 6.00 | 61.00 | 67.00 | NOTE | |
r-oldrel-windows-x86_64 | 0.1.0 | 14.00 | 91.00 | 105.00 | NOTE |
Version: 0.1.0
Check: HTML version of manual
Result: NOTE
Found the following HTML validation problems:
play_blackjack.html:46:1 (play_blackjack.Rd:10): Warning: missing </ul> before </div>
play_poker.html:50:1 (play_poker.Rd:12): Warning: missing </ul> before </div>
play_slots.html:46:1 (play_slots.Rd:10): Warning: missing </ul> before </div>
players.html:46:1 (players.Rd:10): Warning: missing </ul> before </div>
setup.html:46:1 (setup.Rd:10): Warning: missing </ul> before </div>
Flavors: r-devel-linux-x86_64-debian-clang, r-devel-linux-x86_64-debian-gcc
Version: 0.1.0
Check: dependencies in R code
Result: NOTE
Namespaces in Imports field not imported from:
‘R6’ ‘crayon’ ‘dplyr’ ‘tidyr’
All declared Imports should be used.
Flavors: r-devel-linux-x86_64-fedora-clang, r-devel-linux-x86_64-fedora-gcc
Version: 0.1.0
Check: LazyData
Result: NOTE
'LazyData' is specified without a 'data' directory
Flavors: r-oldrel-macos-arm64, r-oldrel-macos-x86_64, r-oldrel-windows-x86_64