Last updated on 2025-10-22 11:51:03 CEST.
Flavor | Version | Tinstall | Tcheck | Ttotal | Status | Flags |
---|---|---|---|---|---|---|
r-devel-linux-x86_64-debian-clang | 0.9.5 | 3.05 | 84.51 | 87.56 | OK | |
r-devel-linux-x86_64-debian-gcc | 0.9.5 | 2.32 | 64.57 | 66.89 | OK | |
r-devel-linux-x86_64-fedora-clang | 0.9.5 | 133.26 | OK | |||
r-devel-linux-x86_64-fedora-gcc | 0.9.5 | 10.00 | 143.46 | 153.46 | OK | |
r-devel-windows-x86_64 | 0.9.5 | 5.00 | 95.00 | 100.00 | OK | |
r-patched-linux-x86_64 | 0.9.5 | 3.10 | 78.33 | 81.43 | OK | |
r-release-linux-x86_64 | 0.9.5 | 2.42 | 82.19 | 84.61 | OK | |
r-release-macos-arm64 | 0.9.5 | 1.00 | 52.00 | 53.00 | OK | |
r-release-macos-x86_64 | 0.9.5 | 4.00 | 93.00 | 97.00 | OK | |
r-release-windows-x86_64 | 0.9.5 | 5.00 | 98.00 | 103.00 | OK | |
r-oldrel-macos-arm64 | 0.9.5 | 1.00 | 57.00 | 58.00 | NOTE | |
r-oldrel-macos-x86_64 | 0.9.5 | 2.00 | 98.00 | 100.00 | NOTE | |
r-oldrel-windows-x86_64 | 0.9.5 | 7.00 | 125.00 | 132.00 | NOTE |
Version: 0.9.5
Check: installed package size
Result: NOTE
installed size is 20.9Mb
sub-directories of 1Mb or more:
doc 20.6Mb
Flavors: r-oldrel-macos-arm64, r-oldrel-macos-x86_64, r-oldrel-windows-x86_64