Last updated on 2025-10-24 11:50:42 CEST.
| Flavor | Version | Tinstall | Tcheck | Ttotal | Status | Flags |
|---|---|---|---|---|---|---|
| r-devel-linux-x86_64-debian-clang | 2.0.0 | 11.22 | 95.77 | 106.99 | NOTE | |
| r-devel-linux-x86_64-debian-gcc | 2.0.0 | 7.71 | 68.70 | 76.41 | NOTE | |
| r-devel-linux-x86_64-fedora-clang | 2.0.0 | 22.00 | 139.56 | 161.56 | OK | |
| r-devel-linux-x86_64-fedora-gcc | 2.0.0 | 43.00 | 141.26 | 184.26 | OK | |
| r-devel-windows-x86_64 | 2.0.0 | 12.00 | 311.00 | 323.00 | OK | |
| r-patched-linux-x86_64 | 2.0.0 | 10.74 | 91.60 | 102.34 | OK | |
| r-release-linux-x86_64 | 2.0.0 | 8.55 | 91.00 | 99.55 | OK | |
| r-release-macos-arm64 | 2.0.0 | 5.00 | 291.00 | 296.00 | OK | |
| r-release-macos-x86_64 | 2.0.0 | 16.00 | 463.00 | 479.00 | OK | |
| r-release-windows-x86_64 | 2.0.0 | 12.00 | 312.00 | 324.00 | OK | |
| r-oldrel-macos-arm64 | 2.0.0 | 5.00 | 222.00 | 227.00 | OK | |
| r-oldrel-macos-x86_64 | 2.0.0 | 12.00 | 340.00 | 352.00 | OK | |
| r-oldrel-windows-x86_64 | 2.0.0 | 16.00 | 407.00 | 423.00 | OK |
Version: 2.0.0
Check: Rd files
Result: NOTE
checkRd: (-1) fit.cox.Rd:81-88: Only 2 columns allowed in this table (row 2 has 1)
checkRd: (-1) fit.cox.Rd:81-88: Only 2 columns allowed in this table (row 4 has 1)
checkRd: (-1) fit.cox.Rd:114-118: Only 2 columns allowed in this table (row 2 has 1)
checkRd: (-1) fit.cox.Rd:144-148: Only 2 columns allowed in this table (row 2 has 1)
checkRd: (-1) fit.nonpar.Rd:81-86: Only 2 columns allowed in this table (row 2 has 1)
checkRd: (-1) fit.nonpar.Rd:81-86: Only 2 columns allowed in this table (row 4 has 1)
checkRd: (-1) fit.nonpar.Rd:112-116: Only 2 columns allowed in this table (row 2 has 1)
checkRd: (-1) fit.nonpar.Rd:142-146: Only 2 columns allowed in this table (row 2 has 1)
checkRd: (-1) get.pointEst.Rd:16-21: Only 2 columns allowed in this table (row 2 has 1)
checkRd: (-1) get.pointEst.Rd:16-21: Only 2 columns allowed in this table (row 4 has 1)
checkRd: (-1) get.pointEst.Rd:38-42: Only 2 columns allowed in this table (row 2 has 1)
checkRd: (-1) get.pointEst.Rd:59-63: Only 2 columns allowed in this table (row 2 has 1)
Flavors: r-devel-linux-x86_64-debian-clang, r-devel-linux-x86_64-debian-gcc