Last updated on 2025-10-21 23:50:49 CEST.
Flavor | Version | Tinstall | Tcheck | Ttotal | Status | Flags |
---|---|---|---|---|---|---|
r-devel-linux-x86_64-debian-clang | 1.0.0 | 15.05 | 363.21 | 378.26 | NOTE | |
r-devel-linux-x86_64-debian-gcc | 1.0.0 | 8.72 | 214.17 | 222.89 | NOTE | |
r-devel-linux-x86_64-fedora-clang | 1.0.0 | 27.00 | 486.26 | 513.26 | OK | |
r-devel-linux-x86_64-fedora-gcc | 1.0.0 | 60.00 | 661.37 | 721.37 | OK | |
r-devel-windows-x86_64 | 1.0.0 | 20.00 | 187.00 | 207.00 | OK | |
r-patched-linux-x86_64 | 1.0.0 | 14.24 | 316.38 | 330.62 | OK | |
r-release-linux-x86_64 | 1.0.0 | 14.38 | 453.42 | 467.80 | OK | |
r-release-macos-arm64 | 1.0.0 | 7.00 | 108.00 | 115.00 | OK | |
r-release-macos-x86_64 | 1.0.0 | 14.00 | 201.00 | 215.00 | OK | |
r-release-windows-x86_64 | 1.0.0 | 22.00 | 290.00 | 312.00 | OK | |
r-oldrel-macos-arm64 | 1.0.0 | 6.00 | 100.00 | 106.00 | OK | |
r-oldrel-macos-x86_64 | 1.0.0 | 13.00 | 340.00 | 353.00 | OK | |
r-oldrel-windows-x86_64 | 1.0.0 | 23.00 | 485.00 | 508.00 | OK |
Version: 1.0.0
Check: HTML version of manual
Result: NOTE
Found the following HTML validation problems:
get_party_node_depths.html:51:1 (get_party_node_depths.Rd:13): Warning: missing </ul> before </div>
shared_args.html:89:1 (shared_args.Rd:38): Warning: missing </ul> before </div>
Flavors: r-devel-linux-x86_64-debian-clang, r-devel-linux-x86_64-debian-gcc