CRAN Package Check Results for Package cbinom

Last updated on 2025-10-21 17:49:44 CEST.

Flavor Version Tinstall Tcheck Ttotal Status Flags
r-devel-linux-x86_64-debian-clang 1.6 10.74 24.27 35.01 NOTE
r-devel-linux-x86_64-debian-gcc 1.6 8.11 19.60 27.71 NOTE
r-devel-linux-x86_64-fedora-clang 1.6 19.00 30.37 49.37 OK
r-devel-linux-x86_64-fedora-gcc 1.6 59.00 -2.59 56.41 OK
r-devel-windows-x86_64 1.6 15.00 55.00 70.00 OK
r-patched-linux-x86_64 1.6 11.73 22.94 34.67 OK
r-release-linux-x86_64 1.6 11.19 22.80 33.99 OK
r-release-macos-arm64 1.6 6.00 17.00 23.00 OK
r-release-macos-x86_64 1.6 9.00 29.00 38.00 OK
r-release-windows-x86_64 1.6 14.00 62.00 76.00 OK
r-oldrel-macos-arm64 1.6 5.00 21.00 26.00 OK
r-oldrel-macos-x86_64 1.6 9.00 24.00 33.00 OK
r-oldrel-windows-x86_64 1.6 16.00 71.00 87.00 OK

Check Details

Version: 1.6
Check: CRAN incoming feasibility
Result: NOTE Maintainer: ‘Dan Dalthorp <ddalthorp@protonmail.com>’ No Authors@R field in DESCRIPTION. Please add one, modifying Authors@R: person(given = "Dan", family = "Dalthorp", role = c("aut", "cre"), email = "ddalthorp@protonmail.com") as necessary. The Description field contains (2013) <arXiv:1303.5990>. Please refer to arXiv e-prints via their arXiv DOI <doi:10.48550/arXiv.YYMM.NNNNN>. Flavors: r-devel-linux-x86_64-debian-clang, r-devel-linux-x86_64-debian-gcc