CRAN Package Check Results for Package cglm

Last updated on 2025-10-22 11:51:03 CEST.

Flavor Version Tinstall Tcheck Ttotal Status Flags
r-devel-linux-x86_64-debian-clang 1.1 19.96 31.06 51.02 NOTE
r-devel-linux-x86_64-debian-gcc 1.1 11.12 24.22 35.34 NOTE
r-devel-linux-x86_64-fedora-clang 1.1 40.00 27.54 67.54 OK
r-devel-linux-x86_64-fedora-gcc 1.1 41.00 31.05 72.05 OK
r-devel-windows-x86_64 1.1 23.00 65.00 88.00 OK
r-patched-linux-x86_64 1.1 18.72 28.57 47.29 OK
r-release-linux-x86_64 1.1 17.79 28.58 46.37 OK
r-release-macos-arm64 1.1 8.00 17.00 25.00 OK
r-release-macos-x86_64 1.1 14.00 29.00 43.00 OK
r-release-windows-x86_64 1.1 24.00 66.00 90.00 OK
r-oldrel-macos-arm64 1.1 8.00 26.00 34.00 OK
r-oldrel-macos-x86_64 1.1 11.00 25.00 36.00 OK
r-oldrel-windows-x86_64 1.1 29.00 77.00 106.00 OK

Check Details

Version: 1.1
Check: CRAN incoming feasibility
Result: NOTE Maintainer: ‘Arvid Sjolander <arvid.sjolander@ki.se>’ No Authors@R field in DESCRIPTION. Please add one, modifying Authors@R: person(given = "Arvid", family = "Sjolander", role = c("aut", "cre"), email = "arvid.sjolander@ki.se") as necessary. Flavors: r-devel-linux-x86_64-debian-clang, r-devel-linux-x86_64-debian-gcc

Version: 1.1
Check: top-level files
Result: NOTE Found the following validation problem for the NEWS.Rd HTML conversion: NEWS.html:40:1 (inst/NEWS.Rd:11): Warning: missing </ul> before </div> Flavors: r-devel-linux-x86_64-debian-clang, r-devel-linux-x86_64-debian-gcc