Last updated on 2025-10-21 23:50:50 CEST.
Flavor | Version | Tinstall | Tcheck | Ttotal | Status | Flags |
---|---|---|---|---|---|---|
r-devel-linux-x86_64-debian-clang | 1.2.0 | 1.71 | 20.81 | 22.52 | NOTE | |
r-devel-linux-x86_64-debian-gcc | 1.2.0 | 1.29 | 17.46 | 18.75 | NOTE | |
r-devel-linux-x86_64-fedora-clang | 1.2.0 | 24.40 | OK | |||
r-devel-linux-x86_64-fedora-gcc | 1.2.0 | 29.99 | OK | |||
r-devel-windows-x86_64 | 1.2.0 | 4.00 | 37.00 | 41.00 | OK | |
r-patched-linux-x86_64 | 1.2.0 | 1.32 | 18.79 | 20.11 | OK | |
r-release-linux-x86_64 | 1.2.0 | 1.70 | 18.73 | 20.43 | OK | |
r-release-macos-arm64 | 1.2.0 | 1.00 | 16.00 | 17.00 | OK | |
r-release-macos-x86_64 | 1.2.0 | 2.00 | 71.00 | 73.00 | OK | |
r-release-windows-x86_64 | 1.2.0 | 3.00 | 40.00 | 43.00 | OK | |
r-oldrel-macos-arm64 | 1.2.0 | 1.00 | 21.00 | 22.00 | OK | |
r-oldrel-macos-x86_64 | 1.2.0 | 2.00 | 27.00 | 29.00 | OK | |
r-oldrel-windows-x86_64 | 1.2.0 | 4.00 | 45.00 | 49.00 | OK |
Version: 1.2.0
Check: HTML version of manual
Result: NOTE
Found the following HTML validation problems:
generate_ratings_for_all.html:93:1 (generate_ratings_for_all.Rd:39): Warning: missing </ul> before </div>
Flavors: r-devel-linux-x86_64-debian-clang, r-devel-linux-x86_64-debian-gcc