Last updated on 2025-10-22 05:51:02 CEST.
Flavor | Version | Tinstall | Tcheck | Ttotal | Status | Flags |
---|---|---|---|---|---|---|
r-devel-linux-x86_64-debian-clang | 0.3.0 | 4.20 | 57.14 | 61.34 | NOTE | |
r-devel-linux-x86_64-debian-gcc | 0.3.0 | 3.01 | 42.68 | 45.69 | NOTE | |
r-devel-linux-x86_64-fedora-clang | 0.3.0 | 72.75 | OK | |||
r-devel-linux-x86_64-fedora-gcc | 0.3.0 | 101.82 | OK | |||
r-devel-windows-x86_64 | 0.3.0 | 7.00 | 77.00 | 84.00 | OK | |
r-patched-linux-x86_64 | 0.3.0 | 4.28 | 53.06 | 57.34 | OK | |
r-release-linux-x86_64 | 0.3.0 | 3.75 | 52.70 | 56.45 | OK | |
r-release-macos-arm64 | 0.3.0 | 2.00 | 31.00 | 33.00 | OK | |
r-release-macos-x86_64 | 0.3.0 | 3.00 | 60.00 | 63.00 | OK | |
r-release-windows-x86_64 | 0.3.0 | 7.00 | 80.00 | 87.00 | OK | |
r-oldrel-macos-arm64 | 0.3.0 | 2.00 | 31.00 | 33.00 | OK | |
r-oldrel-macos-x86_64 | 0.3.0 | 4.00 | 62.00 | 66.00 | OK | |
r-oldrel-windows-x86_64 | 0.3.0 | 7.00 | 89.00 | 96.00 | OK |
Version: 0.3.0
Check: HTML version of manual
Result: NOTE
Found the following HTML validation problems:
add_row.html:50:1 (add_row.Rd:12): Warning: missing </ul> before </div>
delete_row.html:50:1 (delete_row.Rd:12): Warning: missing </ul> before </div>
Flavors: r-devel-linux-x86_64-debian-clang, r-devel-linux-x86_64-debian-gcc