Last updated on 2025-10-21 23:50:50 CEST.
Flavor | Version | Tinstall | Tcheck | Ttotal | Status | Flags |
---|---|---|---|---|---|---|
r-devel-linux-x86_64-debian-clang | 2024.11-15 | 69.97 | 183.40 | 253.37 | NOTE | |
r-devel-linux-x86_64-debian-gcc | 2024.11-15 | 42.29 | 115.52 | 157.81 | NOTE | |
r-devel-linux-x86_64-fedora-clang | 2024.11-15 | 74.00 | 226.63 | 300.63 | OK | |
r-devel-linux-x86_64-fedora-gcc | 2024.11-15 | 125.00 | 289.80 | 414.80 | OK | |
r-devel-windows-x86_64 | 2024.11-15 | 75.00 | 180.00 | 255.00 | OK | |
r-patched-linux-x86_64 | 2024.11-15 | 64.02 | 170.14 | 234.16 | OK | |
r-release-linux-x86_64 | 2024.11-15 | 65.23 | 171.70 | 236.93 | OK | |
r-release-macos-arm64 | 2024.11-15 | 27.00 | 82.00 | 109.00 | OK | |
r-release-macos-x86_64 | 2024.11-15 | 36.00 | 187.00 | 223.00 | OK | |
r-release-windows-x86_64 | 2024.11-15 | 75.00 | 181.00 | 256.00 | OK | |
r-oldrel-macos-arm64 | 2024.11-15 | 18.00 | 228.00 | 246.00 | OK | |
r-oldrel-macos-x86_64 | 2024.11-15 | 17.00 | 273.00 | 290.00 | OK | |
r-oldrel-windows-x86_64 | 2024.11-15 | 93.00 | 247.00 | 340.00 | OK |
Version: 2024.11-15
Check: HTML version of manual
Result: NOTE
Found the following HTML validation problems:
convert.coef.html:124:1 (convert.coef.Rd:62): Warning: missing </ul> before </div>
performance.unit.test.html:80:1 (performance.unit.test.Rd:32): Warning: missing </ul> before </div>
sim.hinge.html:105:1 (sim.hinge.Rd:45): Warning: missing </ul> before </div>
Flavors: r-devel-linux-x86_64-debian-clang, r-devel-linux-x86_64-debian-gcc