CRAN Package Check Results for Package chromoMap

Last updated on 2025-10-22 05:51:02 CEST.

Flavor Version Tinstall Tcheck Ttotal Status Flags
r-devel-linux-x86_64-debian-clang 4.1.1 3.86 42.88 46.74 NOTE
r-devel-linux-x86_64-debian-gcc 4.1.1 2.80 32.75 35.55 NOTE
r-devel-linux-x86_64-fedora-clang 4.1.1 57.63 NOTE
r-devel-linux-x86_64-fedora-gcc 4.1.1 85.12 NOTE
r-devel-windows-x86_64 4.1.1 7.00 61.00 68.00 OK
r-patched-linux-x86_64 4.1.1 3.72 40.44 44.16 OK
r-release-linux-x86_64 4.1.1 4.02 40.38 44.40 OK
r-release-macos-arm64 4.1.1 3.00 68.00 71.00 OK
r-release-macos-x86_64 4.1.1 4.00 54.00 58.00 OK
r-release-windows-x86_64 4.1.1 8.00 64.00 72.00 OK
r-oldrel-macos-arm64 4.1.1 2.00 28.00 30.00 OK
r-oldrel-macos-x86_64 4.1.1 3.00 45.00 48.00 OK
r-oldrel-windows-x86_64 4.1.1 8.00 75.00 83.00 OK

Check Details

Version: 4.1.1
Check: HTML version of manual
Result: NOTE Found the following HTML validation problems: chromoMap-shiny.html:68:1 (chromoMap-shiny.Rd:25): Warning: missing </ul> before </div> Flavors: r-devel-linux-x86_64-debian-clang, r-devel-linux-x86_64-debian-gcc

Version: 4.1.1
Check: dependencies in R code
Result: NOTE Namespace in Imports field not imported from: ‘htmltools’ All declared Imports should be used. Flavors: r-devel-linux-x86_64-fedora-clang, r-devel-linux-x86_64-fedora-gcc