Last updated on 2025-10-22 23:49:51 CEST.
Flavor | Version | Tinstall | Tcheck | Ttotal | Status | Flags |
---|---|---|---|---|---|---|
r-devel-linux-x86_64-debian-clang | 0.3.1 | 2.23 | 31.55 | 33.78 | NOTE | |
r-devel-linux-x86_64-debian-gcc | 0.3.1 | 2.03 | 24.96 | 26.99 | NOTE | |
r-devel-linux-x86_64-fedora-clang | 0.3.1 | 44.47 | OK | |||
r-devel-linux-x86_64-fedora-gcc | 0.3.1 | 68.29 | OK | |||
r-devel-windows-x86_64 | 0.3.1 | 4.00 | 56.00 | 60.00 | OK | |
r-patched-linux-x86_64 | 0.3.1 | 2.47 | 29.93 | 32.40 | OK | |
r-release-linux-x86_64 | 0.3.1 | 2.20 | 30.26 | 32.46 | OK | |
r-release-macos-arm64 | 0.3.1 | 1.00 | 28.00 | 29.00 | OK | |
r-release-macos-x86_64 | 0.3.1 | 2.00 | 58.00 | 60.00 | OK | |
r-release-windows-x86_64 | 0.3.1 | 5.00 | 59.00 | 64.00 | OK | |
r-oldrel-macos-arm64 | 0.3.1 | 1.00 | 31.00 | 32.00 | OK | |
r-oldrel-macos-x86_64 | 0.3.1 | 2.00 | 46.00 | 48.00 | OK | |
r-oldrel-windows-x86_64 | 0.3.1 | 3.00 | 64.00 | 67.00 | OK |
Version: 0.3.1
Check: CRAN incoming feasibility
Result: NOTE
Maintainer: ‘William Nickols <willnickols@college.harvard.edu>’
No Authors@R field in DESCRIPTION.
Please add one, modifying
Authors@R: person(given = "William",
family = "Nickols",
role = c("aut", "cre"),
email = "willnickols@college.harvard.edu")
as necessary.
Flavors: r-devel-linux-x86_64-debian-clang, r-devel-linux-x86_64-debian-gcc