Last updated on 2025-10-24 05:50:34 CEST.
| Flavor | Version | Tinstall | Tcheck | Ttotal | Status | Flags |
|---|---|---|---|---|---|---|
| r-devel-linux-x86_64-debian-clang | 1.1-1 | 20.95 | 186.93 | 207.88 | OK | |
| r-devel-linux-x86_64-debian-gcc | 1.1-2 | 14.98 | 190.65 | 205.63 | NOTE | |
| r-devel-linux-x86_64-fedora-clang | 1.1-2 | 33.00 | 411.36 | 444.36 | OK | |
| r-devel-linux-x86_64-fedora-gcc | 1.1-2 | 116.00 | 364.56 | 480.56 | OK | |
| r-devel-windows-x86_64 | 1.1-1 | 25.00 | 203.00 | 228.00 | OK | |
| r-patched-linux-x86_64 | 1.1-2 | 24.84 | 255.95 | 280.79 | OK | |
| r-release-linux-x86_64 | 1.1-1 | 21.74 | 178.88 | 200.62 | OK | |
| r-release-macos-arm64 | 1.1-2 | 9.00 | 106.00 | 115.00 | OK | |
| r-release-macos-x86_64 | 1.1-2 | 16.00 | 234.00 | 250.00 | OK | |
| r-release-windows-x86_64 | 1.1-2 | 48.00 | 253.00 | 301.00 | OK | |
| r-oldrel-macos-arm64 | 1.1-2 | 9.00 | 105.00 | 114.00 | NOTE | |
| r-oldrel-macos-x86_64 | 1.1-2 | 27.00 | 222.00 | 249.00 | NOTE | |
| r-oldrel-windows-x86_64 | 1.1-2 | 34.00 | 329.00 | 363.00 | NOTE |
Version: 1.1-2
Check: Rd files
Result: NOTE
checkRd: (-1) Ops.clifford.Rd:108-136: Only 3 columns allowed in this table (row 1 has 1)
Flavor: r-devel-linux-x86_64-debian-gcc
Version: 1.1-2
Check: installed package size
Result: NOTE
installed size is 8.9Mb
sub-directories of 1Mb or more:
doc 6.2Mb
libs 1.7Mb
Flavors: r-oldrel-macos-arm64, r-oldrel-macos-x86_64, r-oldrel-windows-x86_64