Last updated on 2025-10-21 17:49:44 CEST.
Flavor | Version | Tinstall | Tcheck | Ttotal | Status | Flags |
---|---|---|---|---|---|---|
r-devel-linux-x86_64-debian-clang | 0.7.1 | 3.49 | 41.61 | 45.10 | NOTE | |
r-devel-linux-x86_64-debian-gcc | 0.7.1 | 2.42 | 32.29 | 34.71 | NOTE | |
r-devel-linux-x86_64-fedora-clang | 0.7.1 | 56.08 | OK | |||
r-devel-linux-x86_64-fedora-gcc | 0.7.1 | 81.25 | OK | |||
r-devel-windows-x86_64 | 0.7.1 | 6.00 | 64.00 | 70.00 | OK | |
r-patched-linux-x86_64 | 0.7.1 | 3.26 | 40.40 | 43.66 | OK | |
r-release-linux-x86_64 | 0.7.1 | 2.52 | 39.75 | 42.27 | OK | |
r-release-macos-arm64 | 0.7.1 | 8.00 | 34.00 | 42.00 | OK | |
r-release-macos-x86_64 | 0.7.1 | 4.00 | 79.00 | 83.00 | OK | |
r-release-windows-x86_64 | 0.7.1 | 6.00 | 64.00 | 70.00 | OK | |
r-oldrel-macos-arm64 | 0.7.1 | 2.00 | 40.00 | 42.00 | OK | |
r-oldrel-macos-x86_64 | 0.7.1 | 3.00 | 75.00 | 78.00 | OK | |
r-oldrel-windows-x86_64 | 0.7.1 | 7.00 | 71.00 | 78.00 | OK |
Version: 0.7.1
Check: HTML version of manual
Result: NOTE
Found the following HTML validation problems:
gs_copy.html:64:1 (gs_copy.Rd:20): Warning: missing </ul> before </div>
gs_rsync.html:100:1 (gs_rsync.Rd:46): Warning: missing </ul> before </div>
gsutil_exec.html:54:1 (gsutil_exec.Rd:14): Warning: missing </ul> before </div>
Flavors: r-devel-linux-x86_64-debian-clang, r-devel-linux-x86_64-debian-gcc