Last updated on 2025-10-22 11:51:04 CEST.
Flavor | Version | Tinstall | Tcheck | Ttotal | Status | Flags |
---|---|---|---|---|---|---|
r-devel-linux-x86_64-debian-clang | 0.5.5 | 47.80 | 80.04 | 127.84 | NOTE | |
r-devel-linux-x86_64-debian-gcc | 0.5.5 | 32.50 | 59.72 | 92.22 | NOTE | |
r-devel-linux-x86_64-fedora-clang | 0.5.5 | 60.00 | 106.41 | 166.41 | OK | |
r-devel-linux-x86_64-fedora-gcc | 0.5.5 | 71.00 | 148.70 | 219.70 | OK | |
r-devel-windows-x86_64 | 0.5.5 | 60.00 | 117.00 | 177.00 | OK | |
r-patched-linux-x86_64 | 0.5.5 | 50.98 | 75.25 | 126.23 | OK | |
r-release-linux-x86_64 | 0.5.5 | 47.35 | 75.78 | 123.13 | OK | |
r-release-macos-arm64 | 0.5.5 | 21.00 | 63.00 | 84.00 | OK | |
r-release-macos-x86_64 | 0.5.5 | 17.00 | 83.00 | 100.00 | OK | |
r-release-windows-x86_64 | 0.5.5 | 60.00 | 117.00 | 177.00 | OK | |
r-oldrel-macos-arm64 | 0.5.5 | 24.00 | 47.00 | 71.00 | OK | |
r-oldrel-macos-x86_64 | 0.5.5 | 18.00 | 69.00 | 87.00 | OK | |
r-oldrel-windows-x86_64 | 0.5.5 | 70.00 | 142.00 | 212.00 | OK |
Version: 0.5.5
Check: CRAN incoming feasibility
Result: NOTE
Maintainer: ‘Martí Renedo Mirambell <marti.renedo@gmail.com>’
No Authors@R field in DESCRIPTION.
Please add one, modifying
Authors@R: person(given = c("Martí", "Renedo"),
family = "Mirambell",
role = c("aut", "cre"),
email = "marti.renedo@gmail.com")
as necessary.
Flavors: r-devel-linux-x86_64-debian-clang, r-devel-linux-x86_64-debian-gcc
Version: 0.5.5
Check: HTML version of manual
Result: NOTE
Found the following HTML validation problems:
auxiliary_functions.html:56:1 (auxiliary_functions.Rd:15): Warning: missing </ul> before </div>
c_rs_table.html:49:1 (c_rs_table.Rd:10): Warning: missing </ul> before </div>
count_contingency_tables_log.html:59:1 (count_contingency_tables_log.Rd:14): Warning: missing </ul> before </div>
estimate_H_fraction_r_rows.html:56:1 (estimate_H_fraction_r_rows.Rd:14): Warning: missing </ul> before </div>
log_omega_estimation.html:51:1 (log_omega_estimation.Rd:12): Warning: missing </ul> before </div>
Flavors: r-devel-linux-x86_64-debian-clang, r-devel-linux-x86_64-debian-gcc