Last updated on 2025-10-24 18:49:52 CEST.
| Flavor | Version | Tinstall | Tcheck | Ttotal | Status | Flags |
|---|---|---|---|---|---|---|
| r-devel-linux-x86_64-debian-clang | 0.1 | 1.82 | 46.54 | 48.36 | NOTE | |
| r-devel-linux-x86_64-debian-gcc | 0.1 | 1.54 | 31.73 | 33.27 | NOTE | |
| r-devel-linux-x86_64-fedora-clang | 0.1 | 62.10 | NOTE | |||
| r-devel-linux-x86_64-fedora-gcc | 0.1 | 88.03 | NOTE | |||
| r-devel-windows-x86_64 | 0.1 | 3.00 | 57.00 | 60.00 | OK | |
| r-patched-linux-x86_64 | 0.1 | 1.65 | 43.76 | 45.41 | NOTE | |
| r-release-linux-x86_64 | 0.1 | 1.74 | 44.17 | 45.91 | NOTE | |
| r-release-macos-arm64 | 0.1 | 1.00 | 26.00 | 27.00 | OK | |
| r-release-macos-x86_64 | 0.1 | 1.00 | 48.00 | 49.00 | OK | |
| r-release-windows-x86_64 | 0.1 | 5.00 | 61.00 | 66.00 | OK | |
| r-oldrel-macos-arm64 | 0.1 | 1.00 | 29.00 | 30.00 | OK | |
| r-oldrel-macos-x86_64 | 0.1 | 1.00 | 41.00 | 42.00 | OK | |
| r-oldrel-windows-x86_64 | 0.1 | 4.00 | 74.00 | 78.00 | OK |
Version: 0.1
Check: CRAN incoming feasibility
Result: NOTE
Maintainer: ‘Gaston Quero <gastonquero@gmail.com>’
No Authors@R field in DESCRIPTION.
Please add one, modifying
Authors@R: c(person(given = "Gaston",
family = "Quero",
role = c("aut", "cre"),
email = "gastonquero@gmail.com"),
person(given = "Sebastian",
family = "Simondi",
role = "aut",
email = "sebastian.simondi@gmail.com"),
person(given = c("with", "contributions", "from", "Victoria"),
family = "Bonnecarrere",
role = "aut"),
person(given = "Lucia",
family = "Gutierrez",
role = "aut"))
as necessary.
Flavors: r-devel-linux-x86_64-debian-clang, r-devel-linux-x86_64-debian-gcc
Version: 0.1
Check: for non-standard things in the check directory
Result: NOTE
Found the following files/directories:
‘clusterhap_reports’
Flavors: r-devel-linux-x86_64-debian-clang, r-devel-linux-x86_64-debian-gcc, r-devel-linux-x86_64-fedora-clang, r-devel-linux-x86_64-fedora-gcc, r-patched-linux-x86_64, r-release-linux-x86_64