Last updated on 2025-10-25 06:49:37 CEST.
| Flavor | Version | Tinstall | Tcheck | Ttotal | Status | Flags |
|---|---|---|---|---|---|---|
| r-devel-linux-x86_64-debian-clang | 0.2.1 | 12.85 | 124.37 | 137.22 | NOTE | |
| r-devel-linux-x86_64-debian-gcc | 0.2.1 | 8.28 | 89.43 | 97.71 | NOTE | |
| r-devel-linux-x86_64-fedora-clang | 0.2.1 | 16.00 | 143.18 | 159.18 | OK | |
| r-devel-linux-x86_64-fedora-gcc | 0.2.1 | 24.00 | 188.59 | 212.59 | OK | |
| r-devel-windows-x86_64 | 0.2.1 | 13.00 | 140.00 | 153.00 | OK | |
| r-patched-linux-x86_64 | 0.2.1 | 11.17 | 118.05 | 129.22 | OK | |
| r-release-linux-x86_64 | 0.2.1 | 12.62 | 117.68 | 130.30 | OK | |
| r-release-macos-arm64 | 0.2.1 | 7.00 | 71.00 | 78.00 | OK | |
| r-release-macos-x86_64 | 0.2.1 | 10.00 | 121.00 | 131.00 | OK | |
| r-release-windows-x86_64 | 0.2.1 | 15.00 | 143.00 | 158.00 | OK | |
| r-oldrel-macos-arm64 | 0.2.1 | 5.00 | 57.00 | 62.00 | OK | |
| r-oldrel-macos-x86_64 | 0.2.1 | 8.00 | 107.00 | 115.00 | OK | |
| r-oldrel-windows-x86_64 | 0.2.1 | 19.00 | 174.00 | 193.00 | OK |
Version: 0.2.1
Check: CRAN incoming feasibility
Result: NOTE
Maintainer: ‘Yiran Zhang <yiz038@health.ucsd.edu>’
No Authors@R field in DESCRIPTION.
Please add one, modifying
Authors@R: c(person(given = "Yiran",
family = "Zhang",
role = c("aut", "cre"),
email = "yiz038@health.ucsd.edu"),
person(given = "Ronghui",
family = "Xu",
role = "aut"))
as necessary.
Flavors: r-devel-linux-x86_64-debian-clang, r-devel-linux-x86_64-debian-gcc