CRAN Package Check Results for Package codexcopd

Last updated on 2025-10-23 11:50:10 CEST.

Flavor Version Tinstall Tcheck Ttotal Status Flags
r-devel-linux-x86_64-debian-clang 0.1.0 1.63 17.78 19.41 OK
r-devel-linux-x86_64-debian-gcc 0.1.0 1.35 14.96 16.31 OK
r-devel-linux-x86_64-fedora-clang 0.1.0 19.89 OK
r-devel-linux-x86_64-fedora-gcc 0.1.0 26.64 OK
r-devel-windows-x86_64 0.1.0 3.00 31.00 34.00 OK
r-patched-linux-x86_64 0.1.0 1.59 16.93 18.52 OK
r-release-linux-x86_64 0.1.0 1.52 16.68 18.20 OK
r-release-macos-arm64 0.1.0 1.00 12.00 13.00 OK
r-release-macos-x86_64 0.1.0 1.00 19.00 20.00 OK
r-release-windows-x86_64 0.1.0 2.00 37.00 39.00 OK
r-oldrel-macos-arm64 0.1.0 1.00 21.00 22.00 NOTE
r-oldrel-macos-x86_64 0.1.0 1.00 19.00 20.00 NOTE
r-oldrel-windows-x86_64 0.1.0 3.00 34.00 37.00 NOTE

Check Details

Version: 0.1.0
Check: LazyData
Result: NOTE 'LazyData' is specified without a 'data' directory Flavors: r-oldrel-macos-arm64, r-oldrel-macos-x86_64, r-oldrel-windows-x86_64