Last updated on 2025-10-21 17:49:44 CEST.
Flavor | Version | Tinstall | Tcheck | Ttotal | Status | Flags |
---|---|---|---|---|---|---|
r-devel-linux-x86_64-debian-clang | 2.3.5 | 5.26 | 56.32 | 61.58 | NOTE | |
r-devel-linux-x86_64-debian-gcc | 2.3.5 | 3.26 | 41.18 | 44.44 | NOTE | |
r-devel-linux-x86_64-fedora-clang | 2.3.5 | 67.59 | OK | |||
r-devel-linux-x86_64-fedora-gcc | 2.3.5 | 11.00 | 115.09 | 126.09 | OK | |
r-devel-windows-x86_64 | 2.3.5 | 6.00 | 66.00 | 72.00 | OK | |
r-patched-linux-x86_64 | 2.3.5 | 4.18 | 52.18 | 56.36 | OK | |
r-release-linux-x86_64 | 2.3.5 | 4.92 | 53.24 | 58.16 | OK | |
r-release-macos-arm64 | 2.3.5 | 2.00 | 70.00 | 72.00 | OK | |
r-release-macos-x86_64 | 2.3.5 | 4.00 | 190.00 | 194.00 | OK | |
r-release-windows-x86_64 | 2.3.5 | 8.00 | 68.00 | 76.00 | OK | |
r-oldrel-macos-arm64 | 2.3.5 | 2.00 | 49.00 | 51.00 | OK | |
r-oldrel-macos-x86_64 | 2.3.5 | 3.00 | 83.00 | 86.00 | OK | |
r-oldrel-windows-x86_64 | 2.3.5 | 8.00 | 84.00 | 92.00 | OK |
Version: 2.3.5
Check: HTML version of manual
Result: NOTE
Found the following HTML validation problems:
compare_df.html:101:1 (compare_df.Rd:45): Warning: missing </ul> before </div>
create_output_table.html:85:1 (create_output_table.Rd:35): Warning: missing </ul> before </div>
create_wide_output.html:50:1 (create_wide_output.Rd:12): Warning: missing </ul> before </div>
view_html.html:46:1 (view_html.Rd:10): Warning: missing </ul> before </div>
Flavors: r-devel-linux-x86_64-debian-clang, r-devel-linux-x86_64-debian-gcc