Last updated on 2025-10-22 23:49:52 CEST.
Flavor | Version | Tinstall | Tcheck | Ttotal | Status | Flags |
---|---|---|---|---|---|---|
r-devel-linux-x86_64-debian-clang | 1.0.0 | 13.43 | 33.02 | 46.45 | NOTE | |
r-devel-linux-x86_64-debian-gcc | 1.0.0 | 9.20 | 28.63 | 37.83 | NOTE | |
r-devel-linux-x86_64-fedora-clang | 1.0.0 | 19.00 | 36.95 | 55.95 | NOTE | |
r-devel-linux-x86_64-fedora-gcc | 1.0.0 | 32.00 | 40.76 | 72.76 | NOTE | |
r-devel-windows-x86_64 | 1.0.0 | 20.00 | 65.00 | 85.00 | NOTE | |
r-patched-linux-x86_64 | 1.0.0 | 12.83 | 31.57 | 44.40 | NOTE | |
r-release-linux-x86_64 | 1.0.0 | 12.92 | 32.06 | 44.98 | NOTE | |
r-release-macos-arm64 | 1.0.0 | 8.00 | 22.00 | 30.00 | NOTE | |
r-release-macos-x86_64 | 1.0.0 | 12.00 | 31.00 | 43.00 | NOTE | |
r-release-windows-x86_64 | 1.0.0 | 21.00 | 69.00 | 90.00 | NOTE | |
r-oldrel-macos-arm64 | 1.0.0 | 8.00 | 17.00 | 25.00 | NOTE | |
r-oldrel-macos-x86_64 | 1.0.0 | 10.00 | 26.00 | 36.00 | NOTE | |
r-oldrel-windows-x86_64 | 1.0.0 | 23.00 | 78.00 | 101.00 | NOTE |
Version: 1.0.0
Check: C++ specification
Result: NOTE
Specified C++11: please drop specification unless essential
Flavors: r-devel-linux-x86_64-debian-clang, r-devel-linux-x86_64-debian-gcc, r-devel-linux-x86_64-fedora-clang, r-devel-linux-x86_64-fedora-gcc, r-devel-windows-x86_64, r-patched-linux-x86_64, r-release-linux-x86_64, r-release-macos-arm64, r-release-macos-x86_64, r-release-windows-x86_64, r-oldrel-macos-arm64, r-oldrel-macos-x86_64, r-oldrel-windows-x86_64