CRAN Package Check Results for Package condSURV

Last updated on 2025-10-24 11:50:43 CEST.

Flavor Version Tinstall Tcheck Ttotal Status Flags
r-devel-linux-x86_64-debian-clang 2.0.4 10.90 77.54 88.44 NOTE
r-devel-linux-x86_64-debian-gcc 2.0.4 8.59 57.38 65.97 NOTE
r-devel-linux-x86_64-fedora-clang 2.0.4 12.00 82.52 94.52 OK
r-devel-linux-x86_64-fedora-gcc 2.0.4 22.00 107.30 129.30 OK
r-devel-windows-x86_64 2.0.4 14.00 87.00 101.00 OK
r-patched-linux-x86_64 2.0.4 11.44 74.03 85.47 OK
r-release-linux-x86_64 2.0.4 12.00 74.33 86.33 OK
r-release-macos-arm64 2.0.4 7.00 36.00 43.00 OK
r-release-macos-x86_64 2.0.4 20.00 81.00 101.00 OK
r-release-windows-x86_64 2.0.4 17.00 89.00 106.00 OK
r-oldrel-macos-arm64 2.0.4 6.00 34.00 40.00 OK
r-oldrel-macos-x86_64 2.0.4 9.00 51.00 60.00 OK
r-oldrel-windows-x86_64 2.0.4 20.00 107.00 127.00 OK

Check Details

Version: 2.0.4
Check: CRAN incoming feasibility
Result: NOTE Maintainer: ‘Marta Sestelo <sestelo@uvigo.es>’ No Authors@R field in DESCRIPTION. Please add one, modifying Authors@R: c(person(given = "Luis", family = "Meira-Machado", role = "aut"), person(given = "Marta", family = "Sestelo", role = c("aut", "cre"), email = "sestelo@uvigo.es")) as necessary. Flavors: r-devel-linux-x86_64-debian-clang, r-devel-linux-x86_64-debian-gcc