Last updated on 2025-10-24 18:49:52 CEST.
| Flavor | Version | Tinstall | Tcheck | Ttotal | Status | Flags |
|---|---|---|---|---|---|---|
| r-devel-linux-x86_64-debian-clang | 0.0.2 | 7.01 | 65.15 | 72.16 | NOTE | |
| r-devel-linux-x86_64-debian-gcc | 0.0.2 | 4.80 | 48.18 | 52.98 | NOTE | |
| r-devel-linux-x86_64-fedora-clang | 0.0.2 | 78.89 | NOTE | |||
| r-devel-linux-x86_64-fedora-gcc | 0.0.2 | 13.00 | 104.84 | 117.84 | NOTE | |
| r-devel-windows-x86_64 | 0.0.2 | 8.00 | 76.00 | 84.00 | NOTE | |
| r-patched-linux-x86_64 | 0.0.2 | 6.65 | 61.79 | 68.44 | NOTE | |
| r-release-linux-x86_64 | 0.0.2 | 5.98 | 61.85 | 67.83 | NOTE | |
| r-release-macos-arm64 | 0.0.2 | 3.00 | 47.00 | 50.00 | NOTE | |
| r-release-macos-x86_64 | 0.0.2 | 5.00 | 77.00 | 82.00 | NOTE | |
| r-release-windows-x86_64 | 0.0.2 | 8.00 | 78.00 | 86.00 | NOTE | |
| r-oldrel-macos-arm64 | 0.0.2 | 3.00 | 38.00 | 41.00 | NOTE | |
| r-oldrel-macos-x86_64 | 0.0.2 | 5.00 | 63.00 | 68.00 | NOTE | |
| r-oldrel-windows-x86_64 | 0.0.2 | 11.00 | 95.00 | 106.00 | NOTE |
Version: 0.0.2
Check: package subdirectories
Result: NOTE
Problems with news in ‘NEWS.md’:
No news entries found.
Flavors: r-devel-linux-x86_64-debian-clang, r-devel-linux-x86_64-debian-gcc, r-devel-linux-x86_64-fedora-clang, r-devel-linux-x86_64-fedora-gcc, r-devel-windows-x86_64, r-patched-linux-x86_64, r-release-linux-x86_64, r-release-macos-arm64, r-release-macos-x86_64, r-release-windows-x86_64, r-oldrel-macos-arm64, r-oldrel-macos-x86_64, r-oldrel-windows-x86_64
Version: 0.0.2
Check: LazyData
Result: NOTE
'LazyData' is specified without a 'data' directory
Flavors: r-oldrel-macos-arm64, r-oldrel-macos-x86_64, r-oldrel-windows-x86_64