CRAN Package Check Results for Package contourPlot

Last updated on 2025-10-21 17:49:44 CEST.

Flavor Version Tinstall Tcheck Ttotal Status Flags
r-devel-linux-x86_64-debian-clang 0.2.0 1.80 25.82 27.62 NOTE
r-devel-linux-x86_64-debian-gcc 0.2.0 1.68 20.23 21.91 NOTE
r-devel-linux-x86_64-fedora-clang 0.2.0 32.35 OK
r-devel-linux-x86_64-fedora-gcc 0.2.0 38.39 OK
r-devel-windows-x86_64 0.2.0 3.00 43.00 46.00 OK
r-patched-linux-x86_64 0.2.0 2.31 24.38 26.69 OK
r-release-linux-x86_64 0.2.0 2.45 24.63 27.08 OK
r-release-macos-arm64 0.2.0 1.00 18.00 19.00 OK
r-release-macos-x86_64 0.2.0 2.00 26.00 28.00 OK
r-release-windows-x86_64 0.2.0 4.00 46.00 50.00 OK
r-oldrel-macos-arm64 0.2.0 1.00 20.00 21.00 NOTE
r-oldrel-macos-x86_64 0.2.0 2.00 24.00 26.00 NOTE
r-oldrel-windows-x86_64 0.2.0 4.00 50.00 54.00 NOTE

Check Details

Version: 0.2.0
Check: CRAN incoming feasibility
Result: NOTE Maintainer: ‘Tony Murphy <tonymurphy55.am@gmail.com>’ No Authors@R field in DESCRIPTION. Please add one, modifying Authors@R: person(given = "Tony", family = "Murphy", role = c("aut", "cre"), email = "tonymurphy55.am@gmail.com") as necessary. Flavors: r-devel-linux-x86_64-debian-clang, r-devel-linux-x86_64-debian-gcc

Version: 0.2.0
Check: LazyData
Result: NOTE 'LazyData' is specified without a 'data' directory Flavors: r-oldrel-macos-arm64, r-oldrel-macos-x86_64, r-oldrel-windows-x86_64