Last updated on 2025-10-25 06:49:37 CEST.
| Flavor | Version | Tinstall | Tcheck | Ttotal | Status | Flags |
|---|---|---|---|---|---|---|
| r-devel-linux-x86_64-debian-clang | 1.0.5 | 19.90 | 31.54 | 51.44 | NOTE | |
| r-devel-linux-x86_64-debian-gcc | 1.0.5 | 12.84 | 25.35 | 38.19 | NOTE | |
| r-devel-linux-x86_64-fedora-clang | 1.0.5 | 33.00 | 37.72 | 70.72 | NOTE | |
| r-devel-linux-x86_64-fedora-gcc | 1.0.5 | 25.00 | 53.19 | 78.19 | NOTE | |
| r-devel-windows-x86_64 | 1.0.5 | 25.00 | 68.00 | 93.00 | NOTE | |
| r-patched-linux-x86_64 | 1.0.5 | 17.68 | 30.15 | 47.83 | NOTE | |
| r-release-linux-x86_64 | 1.0.5 | 17.12 | 30.64 | 47.76 | NOTE | |
| r-release-macos-arm64 | 1.0.5 | 9.00 | 19.00 | 28.00 | NOTE | |
| r-release-macos-x86_64 | 1.0.5 | 10.00 | 32.00 | 42.00 | NOTE | |
| r-release-windows-x86_64 | 1.0.5 | 24.00 | 65.00 | 89.00 | NOTE | |
| r-oldrel-macos-arm64 | 1.0.5 | 10.00 | 19.00 | 29.00 | NOTE | |
| r-oldrel-macos-x86_64 | 1.0.5 | 10.00 | 26.00 | 36.00 | NOTE | |
| r-oldrel-windows-x86_64 | 1.0.5 | 30.00 | 81.00 | 111.00 | NOTE |
Version: 1.0.5
Check: CRAN incoming feasibility
Result: NOTE
Maintainer: ‘Nicholas Hamilton <n.hamilton@unsw.edu.au>’
No Authors@R field in DESCRIPTION.
Please add one, modifying
Authors@R: person(given = "Nicholas",
family = "Hamilton",
role = c("aut", "cre"),
email = "n.hamilton@unsw.edu.au")
as necessary.
Flavors: r-devel-linux-x86_64-debian-clang, r-devel-linux-x86_64-debian-gcc
Version: 1.0.5
Check: C++ specification
Result: NOTE
Specified C++11: please drop specification unless essential
Flavors: r-devel-linux-x86_64-debian-clang, r-devel-linux-x86_64-debian-gcc, r-devel-linux-x86_64-fedora-clang, r-devel-linux-x86_64-fedora-gcc, r-devel-windows-x86_64, r-patched-linux-x86_64, r-release-linux-x86_64, r-release-macos-arm64, r-release-macos-x86_64, r-release-windows-x86_64, r-oldrel-macos-arm64, r-oldrel-macos-x86_64, r-oldrel-windows-x86_64
Version: 1.0.5
Check: Rd files
Result: NOTE
checkRd: (-1) getConvexHull.Rd:28: Lost braces in \itemize; meant \describe ?
checkRd: (-1) getConvexHull.Rd:29: Lost braces in \itemize; meant \describe ?
checkRd: (-1) getConvexHull.Rd:30: Lost braces in \itemize; meant \describe ?
Flavors: r-devel-linux-x86_64-debian-clang, r-devel-linux-x86_64-debian-gcc, r-devel-linux-x86_64-fedora-clang, r-devel-linux-x86_64-fedora-gcc, r-devel-windows-x86_64, r-patched-linux-x86_64, r-release-linux-x86_64, r-release-macos-arm64, r-release-macos-x86_64, r-release-windows-x86_64, r-oldrel-macos-arm64, r-oldrel-macos-x86_64, r-oldrel-windows-x86_64
Version: 1.0.5
Check: compiled code
Result: NOTE
File ‘contoureR/libs/contoureR.so’:
Found no calls to: ‘R_registerRoutines’, ‘R_useDynamicSymbols’
It is good practice to register native routines and to disable symbol
search.
See ‘Writing portable packages’ in the ‘Writing R Extensions’ manual.
Flavors: r-devel-linux-x86_64-fedora-clang, r-devel-linux-x86_64-fedora-gcc