Last updated on 2024-05-26 21:49:12 CEST.
Flavor | Version | Tinstall | Tcheck | Ttotal | Status | Flags |
---|---|---|---|---|---|---|
r-devel-linux-x86_64-debian-clang | 0.7.3.2 | 9.83 | 175.16 | 184.99 | OK | |
r-devel-linux-x86_64-debian-gcc | 0.7.3.2 | 6.68 | 127.61 | 134.29 | OK | |
r-devel-linux-x86_64-fedora-clang | 0.7.3.2 | 231.68 | NOTE | |||
r-devel-linux-x86_64-fedora-gcc | 0.7.3.2 | 228.64 | NOTE | |||
r-devel-windows-x86_64 | 0.7.3.2 | 11.00 | 137.00 | 148.00 | OK | |
r-patched-linux-x86_64 | 0.7.3.2 | 11.90 | 163.30 | 175.20 | OK | |
r-release-linux-x86_64 | 0.7.3.2 | 9.45 | 164.14 | 173.59 | OK | |
r-release-macos-arm64 | 0.7.3.2 | 63.00 | OK | |||
r-release-windows-x86_64 | 0.7.3.2 | 10.00 | 135.00 | 145.00 | OK | |
r-oldrel-macos-arm64 | 0.7.3.2 | 59.00 | OK | |||
r-oldrel-macos-x86_64 | 0.7.3.2 | 118.00 | OK | |||
r-oldrel-windows-x86_64 | 0.7.3.2 | 13.00 | 162.00 | 175.00 | OK |
Version: 0.7.3.2
Check: data for non-ASCII characters
Result: NOTE
Note: found 1 marked UTF-8 string
Flavors: r-devel-linux-x86_64-fedora-clang, r-devel-linux-x86_64-fedora-gcc