Last updated on 2025-10-23 23:49:25 CEST.
| Flavor | Version | Tinstall | Tcheck | Ttotal | Status | Flags |
|---|---|---|---|---|---|---|
| r-devel-linux-x86_64-debian-clang | 0.1.10 | 20.03 | 186.03 | 206.06 | NOTE | |
| r-devel-linux-x86_64-debian-gcc | 0.1.10 | 16.04 | 129.62 | 145.66 | OK | |
| r-devel-linux-x86_64-fedora-clang | 0.1.10 | 125.00 | 220.07 | 345.07 | OK | |
| r-devel-linux-x86_64-fedora-gcc | 0.1.10 | 51.00 | 239.54 | 290.54 | OK | |
| r-devel-windows-x86_64 | 0.1.10 | 22.00 | 161.00 | 183.00 | OK | |
| r-patched-linux-x86_64 | 0.1.10 | 18.07 | 175.50 | 193.57 | OK | |
| r-release-linux-x86_64 | 0.1.10 | 18.99 | 177.25 | 196.24 | OK | |
| r-release-macos-arm64 | 0.1.10 | 5.00 | ERROR | |||
| r-release-macos-x86_64 | 0.1.10 | 8.00 | ERROR | |||
| r-release-windows-x86_64 | 0.1.10 | 22.00 | 159.00 | 181.00 | OK | |
| r-oldrel-macos-arm64 | 0.1.10 | 10.00 | ERROR | |||
| r-oldrel-macos-x86_64 | 0.1.10 | 32.00 | 176.00 | 208.00 | OK | |
| r-oldrel-windows-x86_64 | 0.1.10 | 32.00 | 215.00 | 247.00 | OK |
Version: 0.1.10
Check: HTML version of manual
Result: NOTE
Found the following HTML validation problems:
dot-addToCache.html:55:1 (dot-addToCache.Rd:15): Warning: missing </ul> before </div>
dot-checkInCache.html:58:1 (dot-checkInCache.Rd:18): Warning: missing </ul> before </div>
dot-readFromCache.html:51:1 (dot-readFromCache.Rd:13): Warning: missing </ul> before </div>
Flavor: r-devel-linux-x86_64-debian-clang
Version: 0.1.10
Check: package dependencies
Result: ERROR
Packages required but not available: 'org.Hs.eg.db', 'org.Mm.eg.db'
See section ‘The DESCRIPTION file’ in the ‘Writing R Extensions’
manual.
Flavor: r-release-macos-arm64
Version: 0.1.10
Check: package dependencies
Result: ERROR
Package required but not available: ‘org.Mm.eg.db’
See section ‘The DESCRIPTION file’ in the ‘Writing R Extensions’
manual.
Flavors: r-release-macos-x86_64, r-oldrel-macos-arm64