CRAN Package Check Results for Package cookies

Last updated on 2025-10-21 11:53:20 CEST.

Flavor Version Tinstall Tcheck Ttotal Status Flags
r-devel-linux-x86_64-debian-clang 0.2.3 2.19 33.22 35.41 NOTE
r-devel-linux-x86_64-debian-gcc 0.2.3 2.14 25.47 27.61 NOTE
r-devel-linux-x86_64-fedora-clang 0.2.3 43.23 OK
r-devel-linux-x86_64-fedora-gcc 0.2.3 47.86 OK
r-devel-windows-x86_64 0.2.3 5.00 54.00 59.00 OK
r-patched-linux-x86_64 0.2.3 3.54 30.33 33.87 OK
r-release-linux-x86_64 0.2.3 2.77 29.96 32.73 OK
r-release-macos-arm64 0.2.3 24.00 OK
r-release-macos-x86_64 0.2.3 4.00 36.00 40.00 OK
r-release-windows-x86_64 0.2.3 7.00 55.00 62.00 OK
r-oldrel-macos-arm64 0.2.3 19.00 OK
r-oldrel-macos-x86_64 0.2.3 36.00 OK
r-oldrel-windows-x86_64 0.2.3 6.00 62.00 68.00 OK

Check Details

Version: 0.2.3
Check: HTML version of manual
Result: NOTE Found the following HTML validation problems: dot-shared-parameters.html:95:1 (dot-shared-parameters.Rd:41): Warning: missing </ul> before </div> Flavors: r-devel-linux-x86_64-debian-clang, r-devel-linux-x86_64-debian-gcc