Last updated on 2025-10-22 11:51:04 CEST.
Flavor | Version | Tinstall | Tcheck | Ttotal | Status | Flags |
---|---|---|---|---|---|---|
r-devel-linux-x86_64-debian-clang | 1.12-1 | 21.17 | 180.11 | 201.28 | NOTE | |
r-devel-linux-x86_64-debian-gcc | 1.12-1 | 15.51 | 122.42 | 137.93 | NOTE | |
r-devel-linux-x86_64-fedora-clang | 1.12-1 | 29.00 | 204.71 | 233.71 | OK | |
r-devel-linux-x86_64-fedora-gcc | 1.12-1 | 57.00 | 239.37 | 296.37 | OK | |
r-devel-windows-x86_64 | 1.12-1 | 24.00 | 179.00 | 203.00 | OK | |
r-patched-linux-x86_64 | 1.12-1 | 19.69 | 167.16 | 186.85 | OK | |
r-release-linux-x86_64 | 1.12-1 | 20.07 | 167.00 | 187.07 | OK | |
r-release-macos-arm64 | 1.12-1 | 9.00 | 81.00 | 90.00 | OK | |
r-release-macos-x86_64 | 1.12-1 | 20.00 | 182.00 | 202.00 | OK | |
r-release-windows-x86_64 | 1.12-1 | 24.00 | 180.00 | 204.00 | OK | |
r-oldrel-macos-arm64 | 1.12-1 | 9.00 | 59.00 | 68.00 | OK | |
r-oldrel-macos-x86_64 | 1.12-1 | 18.00 | 130.00 | 148.00 | OK | |
r-oldrel-windows-x86_64 | 1.12-1 | 32.00 | 238.00 | 270.00 | OK |
Version: 1.12-1
Check: HTML version of manual
Result: NOTE
Found the following HTML validation problems:
mkBmat.html:46:1 (mkBmat.Rd:10): Warning: missing </ul> before </div>
secularEq.html:50:1 (secularEq.Rd:12): Warning: missing </ul> before </div>
Flavors: r-devel-linux-x86_64-debian-clang, r-devel-linux-x86_64-debian-gcc