Last updated on 2025-10-21 11:53:20 CEST.
Flavor | Version | Tinstall | Tcheck | Ttotal | Status | Flags |
---|---|---|---|---|---|---|
r-devel-linux-x86_64-debian-clang | 0.1.2.10 | 3.14 | 21.46 | 24.60 | NOTE | |
r-devel-linux-x86_64-debian-gcc | 0.1.2.10 | 2.35 | 17.84 | 20.19 | NOTE | |
r-devel-linux-x86_64-fedora-clang | 0.1.2.10 | 27.65 | OK | |||
r-devel-linux-x86_64-fedora-gcc | 0.1.2.10 | 33.48 | OK | |||
r-devel-windows-x86_64 | 0.1.2.10 | 6.00 | 43.00 | 49.00 | OK | |
r-patched-linux-x86_64 | 0.1.2.10 | 3.13 | 20.29 | 23.42 | OK | |
r-release-linux-x86_64 | 0.1.2.10 | 2.91 | 20.08 | 22.99 | OK | |
r-release-macos-arm64 | 0.1.2.10 | 17.00 | OK | |||
r-release-macos-x86_64 | 0.1.2.10 | 4.00 | 22.00 | 26.00 | OK | |
r-release-windows-x86_64 | 0.1.2.10 | 5.00 | 49.00 | 54.00 | OK | |
r-oldrel-macos-arm64 | 0.1.2.10 | 13.00 | OK | |||
r-oldrel-macos-x86_64 | 0.1.2.10 | 23.00 | OK | |||
r-oldrel-windows-x86_64 | 0.1.2.10 | 6.00 | 45.00 | 51.00 | OK |
Version: 0.1.2.10
Check: CRAN incoming feasibility
Result: NOTE
Maintainer: ‘David Cortes <david.cortes.rivera@gmail.com>’
No Authors@R field in DESCRIPTION.
Please add one, modifying
Authors@R: person(given = "David",
family = "Cortes",
role = c("aut", "cre"),
email = "david.cortes.rivera@gmail.com")
as necessary.
Flavors: r-devel-linux-x86_64-debian-clang, r-devel-linux-x86_64-debian-gcc
Version: 0.1.2.10
Check: HTML version of manual
Result: NOTE
Found the following HTML validation problems:
print.costprop.html:52:1 (print.costprop.Rd:12): Warning: missing </ul> before </div>
print.rovr.html:52:1 (print.rovr.Rd:12): Warning: missing </ul> before </div>
print.wap.html:52:1 (print.wap.Rd:12): Warning: missing </ul> before </div>
print.wovr.html:52:1 (print.wovr.Rd:12): Warning: missing </ul> before </div>
summary.costprop.html:53:1 (summary.costprop.Rd:12): Warning: missing </ul> before </div>
summary.rovr.html:52:1 (summary.rovr.Rd:12): Warning: missing </ul> before </div>
summary.wap.html:52:1 (summary.wap.Rd:12): Warning: missing </ul> before </div>
summary.wovr.html:52:1 (summary.wovr.Rd:12): Warning: missing </ul> before </div>
Flavors: r-devel-linux-x86_64-debian-clang, r-devel-linux-x86_64-debian-gcc