Last updated on 2025-10-24 05:50:35 CEST.
| Flavor | Version | Tinstall | Tcheck | Ttotal | Status | Flags |
|---|---|---|---|---|---|---|
| r-devel-linux-x86_64-debian-clang | 1.13.4 | 9.63 | 57.15 | 66.78 | NOTE | |
| r-devel-linux-x86_64-debian-gcc | 1.13.4 | 7.60 | 43.59 | 51.19 | NOTE | |
| r-devel-linux-x86_64-fedora-clang | 1.13.4 | 11.00 | 67.20 | 78.20 | NOTE | |
| r-devel-linux-x86_64-fedora-gcc | 1.13.4 | 22.00 | 69.41 | 91.41 | NOTE | |
| r-devel-windows-x86_64 | 1.13.4 | 13.00 | 69.00 | 82.00 | NOTE | |
| r-patched-linux-x86_64 | 1.13.4 | 8.00 | 53.81 | 61.81 | NOTE | |
| r-release-linux-x86_64 | 1.13.4 | 7.93 | 52.94 | 60.87 | NOTE | |
| r-release-macos-arm64 | 1.13.4 | 7.00 | 30.00 | 37.00 | NOTE | |
| r-release-macos-x86_64 | 1.13.4 | 14.00 | 50.00 | 64.00 | NOTE | |
| r-release-windows-x86_64 | 1.13.4 | 13.00 | 72.00 | 85.00 | NOTE | |
| r-oldrel-macos-arm64 | 1.13.4 | 5.00 | 26.00 | 31.00 | OK | |
| r-oldrel-macos-x86_64 | 1.13.4 | 9.00 | 40.00 | 49.00 | OK | |
| r-oldrel-windows-x86_64 | 1.13.4 | 15.00 | 87.00 | 102.00 | OK |
Version: 1.13.4
Check: DESCRIPTION meta-information
Result: NOTE
Missing dependency on R >= 4.1.0 because package code uses the pipe
|> or function shorthand \(...) syntax added in R 4.1.0.
File(s) using such syntax:
‘coxphf-tidiers.R’
Flavors: r-devel-linux-x86_64-debian-clang, r-devel-linux-x86_64-debian-gcc, r-devel-linux-x86_64-fedora-clang, r-devel-linux-x86_64-fedora-gcc, r-devel-windows-x86_64, r-patched-linux-x86_64, r-release-linux-x86_64, r-release-macos-arm64, r-release-macos-x86_64, r-release-windows-x86_64