Last updated on 2025-10-21 17:49:45 CEST.
Flavor | Version | Tinstall | Tcheck | Ttotal | Status | Flags |
---|---|---|---|---|---|---|
r-devel-linux-x86_64-debian-clang | 1.0.1 | 3.08 | 30.09 | 33.17 | NOTE | |
r-devel-linux-x86_64-debian-gcc | 1.0.1 | 2.94 | 31.13 | 34.07 | NOTE | |
r-devel-linux-x86_64-fedora-clang | 1.0.1 | 38.80 | OK | |||
r-devel-linux-x86_64-fedora-gcc | 1.0.1 | 45.75 | OK | |||
r-devel-windows-x86_64 | 1.0.1 | 3.00 | 46.00 | 49.00 | OK | |
r-patched-linux-x86_64 | 1.0.1 | 2.13 | 22.44 | 24.57 | OK | |
r-release-linux-x86_64 | 1.0.1 | 2.34 | 22.51 | 24.85 | OK | |
r-release-macos-arm64 | 1.0.1 | 2.00 | 20.00 | 22.00 | OK | |
r-release-macos-x86_64 | 1.0.1 | 3.00 | 29.00 | 32.00 | OK | |
r-release-windows-x86_64 | 1.0.1 | 3.00 | 51.00 | 54.00 | OK | |
r-oldrel-macos-arm64 | 1.0.1 | 2.00 | 17.00 | 19.00 | OK | |
r-oldrel-macos-x86_64 | 1.0.1 | 3.00 | 26.00 | 29.00 | OK | |
r-oldrel-windows-x86_64 | 1.0.1 | 3.00 | 51.00 | 54.00 | OK |
Version: 1.0.1
Check: CRAN incoming feasibility
Result: NOTE
Maintainer: ‘Alessandro Bellino <alessandro_bellino@gmx.com>’
Package CITATION file contains call(s) to old-style personList() or
as.personList(). Please use c() on person objects instead.
Package CITATION file contains call(s) to old-style citEntry(). Please
use bibentry() instead.
Flavors: r-devel-linux-x86_64-debian-clang, r-devel-linux-x86_64-debian-gcc