Last updated on 2025-10-22 17:49:34 CEST.
Flavor | Version | Tinstall | Tcheck | Ttotal | Status | Flags |
---|---|---|---|---|---|---|
r-devel-linux-x86_64-debian-clang | 0.2 | 50.64 | 163.37 | 214.01 | NOTE | |
r-devel-linux-x86_64-debian-gcc | 0.2 | 31.94 | 112.93 | 144.87 | NOTE | |
r-devel-linux-x86_64-fedora-clang | 0.2 | 56.00 | 208.73 | 264.73 | OK | |
r-devel-linux-x86_64-fedora-gcc | 0.2 | 113.00 | 246.37 | 359.37 | OK | |
r-devel-windows-x86_64 | 0.2 | 57.00 | 267.00 | 324.00 | OK | |
r-patched-linux-x86_64 | 0.2 | 46.43 | 158.52 | 204.95 | OK | |
r-release-linux-x86_64 | 0.2 | 50.67 | 158.70 | 209.37 | OK | |
r-release-macos-arm64 | 0.2 | 19.00 | 74.00 | 93.00 | OK | |
r-release-macos-x86_64 | 0.2 | 34.00 | 227.00 | 261.00 | OK | |
r-release-windows-x86_64 | 0.2 | 58.00 | 241.00 | 299.00 | OK | |
r-oldrel-macos-arm64 | 0.2 | 17.00 | 78.00 | 95.00 | NOTE | |
r-oldrel-macos-x86_64 | 0.2 | 31.00 | 210.00 | 241.00 | NOTE | |
r-oldrel-windows-x86_64 | 0.2 | 69.00 | 299.00 | 368.00 | OK |
Version: 0.2
Check: HTML version of manual
Result: NOTE
Found the following HTML validation problems:
run_model_cpp.html:48:1 (run_model_cpp.Rd:11): Warning: missing </ul> before </div>
Flavors: r-devel-linux-x86_64-debian-clang, r-devel-linux-x86_64-debian-gcc
Version: 0.2
Check: installed package size
Result: NOTE
installed size is 7.4Mb
sub-directories of 1Mb or more:
data 3.7Mb
libs 3.3Mb
Flavors: r-oldrel-macos-arm64, r-oldrel-macos-x86_64