Last updated on 2025-10-22 17:49:34 CEST.
Flavor | Version | Tinstall | Tcheck | Ttotal | Status | Flags |
---|---|---|---|---|---|---|
r-devel-linux-x86_64-debian-clang | 1.0.5 | 493.50 | 133.82 | 627.32 | OK | |
r-devel-linux-x86_64-debian-gcc | 1.0.5 | 390.63 | 83.93 | 474.56 | OK | |
r-devel-linux-x86_64-fedora-clang | 1.0.5 | 479.00 | 408.24 | 887.24 | NOTE | |
r-devel-linux-x86_64-fedora-gcc | 1.0.5 | 840.00 | 391.98 | 1231.98 | NOTE | |
r-devel-windows-x86_64 | 1.0.5 | 497.00 | 228.00 | 725.00 | OK | |
r-patched-linux-x86_64 | 1.0.5 | 545.42 | 126.59 | 672.01 | OK | |
r-release-linux-x86_64 | 1.0.5 | 536.86 | 124.20 | 661.06 | OK | |
r-release-macos-arm64 | 1.0.5 | 208.00 | 42.00 | 250.00 | OK | |
r-release-macos-x86_64 | 1.0.5 | 201.00 | 100.00 | 301.00 | OK | |
r-release-windows-x86_64 | 1.0.5 | 507.00 | 216.00 | 723.00 | OK | |
r-oldrel-macos-arm64 | 1.0.5 | 202.00 | 50.00 | 252.00 | NOTE | |
r-oldrel-macos-x86_64 | 1.0.5 | 182.00 | 284.00 | 466.00 | NOTE | |
r-oldrel-windows-x86_64 | 1.0.5 | 519.00 | 286.00 | 805.00 | NOTE |
Version: 1.0.5
Check: dependencies in R code
Result: NOTE
Namespace in Imports field not imported from: ‘base’
All declared Imports should be used.
Flavors: r-devel-linux-x86_64-fedora-clang, r-devel-linux-x86_64-fedora-gcc
Version: 1.0.5
Check: installed package size
Result: NOTE
installed size is 65.9Mb
sub-directories of 1Mb or more:
R 1.0Mb
libs 64.5Mb
Flavors: r-oldrel-macos-arm64, r-oldrel-macos-x86_64, r-oldrel-windows-x86_64