CRAN Package Check Results for Package cramR

Last updated on 2025-10-21 17:49:45 CEST.

Flavor Version Tinstall Tcheck Ttotal Status Flags
r-devel-linux-x86_64-debian-clang 0.1.1 27.92 685.57 713.49 NOTE
r-devel-linux-x86_64-debian-gcc 0.1.1 20.01 562.31 582.32 NOTE
r-devel-linux-x86_64-fedora-clang 0.1.1 83.00 710.57 793.57 OK
r-devel-linux-x86_64-fedora-gcc 0.1.1 118.00 1022.10 1140.10 OK
r-devel-windows-x86_64 0.1.1 28.00 498.00 526.00 OK
r-patched-linux-x86_64 0.1.1 26.73 699.09 725.82 OK
r-release-linux-x86_64 0.1.1 21.72 700.23 721.95 OK
r-release-macos-arm64 0.1.1 10.00 202.00 212.00 OK
r-release-macos-x86_64 0.1.1 21.00 428.00 449.00 OK
r-release-windows-x86_64 0.1.1 27.00 491.00 518.00 OK
r-oldrel-macos-arm64 0.1.1 11.00 203.00 214.00 NOTE
r-oldrel-macos-x86_64 0.1.1 22.00 450.00 472.00 NOTE
r-oldrel-windows-x86_64 0.1.1 39.00 660.00 699.00 NOTE

Check Details

Version: 0.1.1
Check: HTML version of manual
Result: NOTE Found the following HTML validation problems: BatchContextualEpsilonGreedyPolicy.html:268:1 (BatchContextualEpsilonGreedyPolicy.Rd:150): Warning: missing </ul> before </div> BatchContextualEpsilonGreedyPolicy.html:136:1 (BatchContextualEpsilonGreedyPolicy.Rd:74): Warning: <h5> anchor "Usage" already defined BatchContextualEpsilonGreedyPolicy.html:142:1 (BatchContextualEpsilonGreedyPolicy.Rd:78): Warning: <h5> anchor "Arguments" already defined BatchContextualEpsilonGreedyPolicy.html:165:1 (BatchContextualEpsilonGreedyPolicy.Rd:91): Warning: <h5> anchor "Usage" already defined BatchContextualEpsilonGreedyPolicy.html:171:1 (BatchContextualEpsilonGreedyPolicy.Rd:95): Warning: <h5> anchor "Arguments" already defined BatchContextualEpsilonGreedyPolicy.html:203:1 (BatchContextualEpsilonGreedyPolicy.Rd:113): Warning: <h5> anchor "Usage" already defined BatchContextualEpsilonGreedyPolicy.html:209:1 (BatchContextualEpsilonGreedyPolicy.Rd:117): Warning: <h5> anchor "Arguments" already defined BatchContextualEpsilonGreedyPolicy.html:228:1 (BatchContextualEpsilonGreedyPolicy.Rd:130): Warning: <h5> anchor "Returns" already defined BatchContextualEpsilonGreedyPolicy.html:245:1 (BatchContextualEpsilonGreedyPolicy.Rd:139): Warning: <h5> anchor "Usage" already defined BatchContextualEpsilonGreedyPolicy.html:251:1 (BatchContextualEpsilonGreedyPolicy.Rd:143): Warning: <h5> anchor "Arguments" already defined BatchContextualLinTSPolicy.html:278:1 (BatchContextualLinTSPolicy.Rd:159): Warning: missing </ul> before </div> BatchContextualLinTSPolicy.html:70:1 (BatchContextualLinTSPolicy.Rd:40): Warning: <h3> anchor "Methods" already defined BatchContextualLinTSPolicy.html:145:1 (BatchContextualLinTSPolicy.Rd:82): Warning: <h5> anchor "Usage" already defined BatchContextualLinTSPolicy.html:151:1 (BatchContextualLinTSPolicy.Rd:86): Warning: <h5> anchor "Arguments" already defined BatchContextualLinTSPolicy.html:174:1 (BatchContextualLinTSPolicy.Rd:99): Warning: <h5> anchor "Usage" already defined BatchContextualLinTSPolicy.html:180:1 (BatchContextualLinTSPolicy.Rd:103): Warning: <h5> anchor "Arguments" already defined BatchContextualLinTSPolicy.html:213:1 (BatchContextualLinTSPolicy.Rd:122): Warning: <h5> anchor "Usage" already defined BatchContextualLinTSPolicy.html:219:1 (BatchContextualLinTSPolicy.Rd:126): Warning: <h5> anchor "Arguments" already defined BatchContextualLinTSPolicy.html:238:1 (BatchContextualLinTSPolicy.Rd:139): Warning: <h5> anchor "Returns" already defined BatchContextualLinTSPolicy.html:255:1 (BatchContextualLinTSPolicy.Rd:148): Warning: <h5> anchor "Usage" already defined BatchContextualLinTSPolicy.html:261:1 (BatchContextualLinTSPolicy.Rd:152): Warning: <h5> anchor "Arguments" already defined BatchLinUCBDisjointPolicyEpsilon.html:282:1 (BatchLinUCBDisjointPolicyEpsilon.Rd:163): Warning: missing </ul> before </div> BatchLinUCBDisjointPolicyEpsilon.html:72:1 (BatchLinUCBDisjointPolicyEpsilon.Rd:42): Warning: <h3> anchor "Methods" already defined BatchLinUCBDisjointPolicyEpsilon.html:149:1 (BatchLinUCBDisjointPolicyEpsilon.Rd:86): Warning: <h5> anchor "Usage" already defined BatchLinUCBDisjointPolicyEpsilon.html:155:1 (BatchLinUCBDisjointPolicyEpsilon.Rd:90): Warning: <h5> anchor "Arguments" already defined BatchLinUCBDisjointPolicyEpsilon.html:178:1 (BatchLinUCBDisjointPolicyEpsilon.Rd:103): Warning: <h5> anchor "Usage" already defined BatchLinUCBDisjointPolicyEpsilon.html:184:1 (BatchLinUCBDisjointPolicyEpsilon.Rd:107): Warning: <h5> anchor "Arguments" already defined BatchLinUCBDisjointPolicyEpsilon.html:217:1 (BatchLinUCBDisjointPolicyEpsilon.Rd:126): Warning: <h5> anchor "Usage" already defined BatchLinUCBDisjointPolicyEpsilon.html:223:1 (BatchLinUCBDisjointPolicyEpsilon.Rd:130): Warning: <h5> anchor "Arguments" already defined BatchLinUCBDisjointPolicyEpsilon.html:242:1 (BatchLinUCBDisjointPolicyEpsilon.Rd:143): Warning: <h5> anchor "Returns" already defined BatchLinUCBDisjointPolicyEpsilon.html:259:1 (BatchLinUCBDisjointPolicyEpsilon.Rd:152): Warning: <h5> anchor "Usage" already defined BatchLinUCBDisjointPolicyEpsilon.html:265:1 (BatchLinUCBDisjointPolicyEpsilon.Rd:156): Warning: <h5> anchor "Arguments" already defined ContextualLinearBandit.html:279:1 (ContextualLinearBandit.Rd:165): Warning: missing </ul> before </div> ContextualLinearBandit.html:76:1 (ContextualLinearBandit.Rd:46): Warning: <h3> anchor "Methods" already defined ContextualLinearBandit.html:161:1 (ContextualLinearBandit.Rd:99): Warning: <h5> anchor "Usage" already defined ContextualLinearBandit.html:182:1 (ContextualLinearBandit.Rd:111): Warning: <h5> anchor "Usage" already defined ContextualLinearBandit.html:188:1 (ContextualLinearBandit.Rd:115): Warning: <h5> anchor "Arguments" already defined ContextualLinearBandit.html:201:1 (ContextualLinearBandit.Rd:122): Warning: <h5> anchor "Returns" already defined ContextualLinearBandit.html:216:1 (ContextualLinearBandit.Rd:130): Warning: <h5> anchor "Usage" already defined ContextualLinearBandit.html:222:1 (ContextualLinearBandit.Rd:134): Warning: <h5> anchor "Arguments" already defined ContextualLinearBandit.html:239:1 (ContextualLinearBandit.Rd:145): Warning: <h5> anchor "Returns" already defined ContextualLinearBandit.html:256:1 (ContextualLinearBandit.Rd:154): Warning: <h5> anchor "Usage" already defined ContextualLinearBandit.html:262:1 (ContextualLinearBandit.Rd:158): Warning: <h5> anchor "Arguments" already defined LinUCBDisjointPolicyEpsilon.html:273:1 (LinUCBDisjointPolicyEpsilon.Rd:154): Warning: missing </ul> before </div> LinUCBDisjointPolicyEpsilon.html:66:1 (LinUCBDisjointPolicyEpsilon.Rd:36): Warning: <h3> anchor "Methods" already defined LinUCBDisjointPolicyEpsilon.html:141:1 (LinUCBDisjointPolicyEpsilon.Rd:78): Warning: <h5> anchor "Usage" already defined LinUCBDisjointPolicyEpsilon.html:147:1 (LinUCBDisjointPolicyEpsilon.Rd:82): Warning: <h5> anchor "Arguments" already defined LinUCBDisjointPolicyEpsilon.html:170:1 (LinUCBDisjointPolicyEpsilon.Rd:95): Warning: <h5> anchor "Usage" already defined LinUCBDisjointPolicyEpsilon.html:176:1 (LinUCBDisjointPolicyEpsilon.Rd:99): Warning: <h5> anchor "Arguments" already defined LinUCBDisjointPolicyEpsilon.html:208:1 (LinUCBDisjointPolicyEpsilon.Rd:117): Warning: <h5> anchor "Usage" already defined LinUCBDisjointPolicyEpsilon.html:214:1 (LinUCBDisjointPolicyEpsilon.Rd:121): Warning: <h5> anchor "Arguments" already defined LinUCBDisjointPolicyEpsilon.html:233:1 (LinUCBDisjointPolicyEpsilon.Rd:134): Warning: <h5> anchor "Returns" already defined LinUCBDisjointPolicyEpsilon.html:250:1 (LinUCBDisjointPolicyEpsilon.Rd:143): Warning: <h5> anchor "Usage" already defined LinUCBDisjointPolicyEpsilon.html:256:1 (LinUCBDisjointPolicyEpsilon.Rd:147): Warning: <h5> anchor "Arguments" already defined Flavors: r-devel-linux-x86_64-debian-clang, r-devel-linux-x86_64-debian-gcc

Version: 0.1.1
Check: installed package size
Result: NOTE installed size is 5.2Mb sub-directories of 1Mb or more: doc 2.2Mb help 2.4Mb Flavors: r-oldrel-macos-arm64, r-oldrel-macos-x86_64, r-oldrel-windows-x86_64