CRAN Package Check Results for Package crassmat

Last updated on 2025-10-25 06:49:38 CEST.

Flavor Version Tinstall Tcheck Ttotal Status Flags
r-devel-linux-x86_64-debian-clang 0.0.6 2.44 25.03 27.47 NOTE
r-devel-linux-x86_64-debian-gcc 0.0.6 1.76 19.57 21.33 NOTE
r-devel-linux-x86_64-fedora-clang 0.0.6 31.85 OK
r-devel-linux-x86_64-fedora-gcc 0.0.6 37.93 OK
r-devel-windows-x86_64 0.0.6 3.00 43.00 46.00 OK
r-patched-linux-x86_64 0.0.6 2.26 23.66 25.92 OK
r-release-linux-x86_64 0.0.6 2.20 23.96 26.16 OK
r-release-macos-arm64 0.0.6 1.00 18.00 19.00 OK
r-release-macos-x86_64 0.0.6 2.00 25.00 27.00 OK
r-release-windows-x86_64 0.0.6 3.00 44.00 47.00 OK
r-oldrel-macos-arm64 0.0.6 1.00 14.00 15.00 OK
r-oldrel-macos-x86_64 0.0.6 2.00 27.00 29.00 OK
r-oldrel-windows-x86_64 0.0.6 4.00 50.00 54.00 OK

Check Details

Version: 0.0.6
Check: CRAN incoming feasibility
Result: NOTE Maintainer: ‘Nick Kunz <nick.kunz@columbia.edu>’ No Authors@R field in DESCRIPTION. Please add one, modifying Authors@R: person(given = "Nick", family = "Kunz", role = c("aut", "cre"), email = "nick.kunz@columbia.edu") as necessary. Flavors: r-devel-linux-x86_64-debian-clang, r-devel-linux-x86_64-debian-gcc