CRAN Package Check Results for Package crew

Last updated on 2025-10-21 17:49:45 CEST.

Flavor Version Tinstall Tcheck Ttotal Status Flags
r-devel-linux-x86_64-debian-clang 1.3.0 11.68 88.43 100.11 NOTE
r-devel-linux-x86_64-debian-gcc 1.3.0 9.70 61.10 70.80 NOTE
r-devel-linux-x86_64-fedora-clang 1.3.0 16.00 97.18 113.18 OK
r-devel-linux-x86_64-fedora-gcc 1.3.0 25.00 125.64 150.64 OK
r-devel-windows-x86_64 1.3.0 14.00 110.00 124.00 OK
r-patched-linux-x86_64 1.3.0 15.21 81.25 96.46 OK
r-release-linux-x86_64 1.3.0 10.02 80.52 90.54 OK
r-release-macos-arm64 1.3.0 5.00 49.00 54.00 OK
r-release-macos-x86_64 1.3.0 10.00 94.00 104.00 OK
r-release-windows-x86_64 1.3.0 13.00 105.00 118.00 OK
r-oldrel-macos-arm64 1.3.0 5.00 57.00 62.00 OK
r-oldrel-macos-x86_64 1.3.0 11.00 100.00 111.00 OK
r-oldrel-windows-x86_64 1.3.0 18.00 133.00 151.00 OK

Check Details

Version: 1.3.0
Check: HTML version of manual
Result: NOTE Found the following HTML validation problems: crew_class_client.html:179:1 (crew_class_client.Rd:135): Warning: <h5> anchor "Usage" already defined crew_class_client.html:185:1 (crew_class_client.Rd:139): Warning: <h5> anchor "Returns" already defined crew_class_client.html:202:1 (crew_class_client.Rd:148): Warning: <h5> anchor "Usage" already defined crew_class_client.html:217:1 (crew_class_client.Rd:158): Warning: <h5> anchor "Returns" already defined crew_class_client.html:234:1 (crew_class_client.Rd:167): Warning: <h5> anchor "Usage" already defined crew_class_client.html:240:1 (crew_class_client.Rd:171): Warning: <h5> anchor "Returns" already defined crew_class_client.html:258:1 (crew_class_client.Rd:181): Warning: <h5> anchor "Usage" already defined crew_class_client.html:264:1 (crew_class_client.Rd:185): Warning: <h5> anchor "Returns" already defined crew_class_client.html:281:1 (crew_class_client.Rd:194): Warning: <h5> anchor "Usage" already defined crew_class_client.html:287:1 (crew_class_client.Rd:198): Warning: <h5> anchor "Returns" already defined crew_class_client.html:306:1 (crew_class_client.Rd:209): Warning: <h5> anchor "Usage" already defined crew_class_client.html:312:1 (crew_class_client.Rd:213): Warning: <h5> anchor "Returns" already defined crew_class_controller.html:259:1 (crew_class_controller.Rd:183): Warning: <h5> anchor "Usage" already defined crew_class_controller.html:265:1 (crew_class_controller.Rd:187): Warning: <h5> anchor "Returns" already defined crew_class_controller.html:282:1 (crew_class_controller.Rd:196): Warning: <h5> anchor "Usage" already defined crew_class_controller.html:288:1 (crew_class_controller.Rd:200): Warning: <h5> anchor "Arguments" already defined crew_class_controller.html:302:1 (crew_class_controller.Rd:208): Warning: <h5> anchor "Returns" already defined crew_class_controller.html:319:1 (crew_class_controller.Rd:217): Warning: <h5> anchor "Usage" already defined crew_class_controller.html:325:1 (crew_class_controller.Rd:221): Warning: <h5> anchor "Arguments" already defined crew_class_controller.html:351:1 (crew_class_controller.Rd:238): Warning: <h5> anchor "Returns" already defined crew_class_controller.html:368:1 (crew_class_controller.Rd:247): Warning: <h5> anchor "Usage" already defined crew_class_controller.html:374:1 (crew_class_controller.Rd:251): Warning: <h5> anchor "Arguments" already defined crew_class_controller.html:388:1 (crew_class_controller.Rd:259): Warning: <h5> anchor "Details" already defined crew_class_controller.html:400:1 (crew_class_controller.Rd:268): Warning: <h5> anchor "Returns" already defined crew_class_controller.html:417:1 (crew_class_controller.Rd:277): Warning: <h5> anchor "Usage" already defined crew_class_controller.html:423:1 (crew_class_controller.Rd:281): Warning: <h5> anchor "Arguments" already defined crew_class_controller.html:437:1 (crew_class_controller.Rd:289): Warning: <h5> anchor "Details" already defined crew_class_controller.html:445:1 (crew_class_controller.Rd:294): Warning: <h5> anchor "Returns" already defined crew_class_controller.html:465:1 (crew_class_controller.Rd:306): Warning: <h5> anchor "Usage" already defined crew_class_controller.html:471:1 (crew_class_controller.Rd:310): Warning: <h5> anchor "Arguments" already defined crew_class_controller.html:485:1 (crew_class_controller.Rd:318): Warning: <h5> anchor "Returns" already defined crew_class_controller.html:503:1 (crew_class_controller.Rd:328): Warning: <h5> anchor "Usage" already defined crew_class_controller.html:513:1 (crew_class_controller.Rd:336): Warning: <h5> anchor "Arguments" already defined crew_class_controller.html:531:1 (crew_class_controller.Rd:348): Warning: <h5> anchor "Details" already defined crew_class_controller.html:542:1 (crew_class_controller.Rd:356): Warning: <h5> anchor "Returns" already defined crew_class_controller.html:559:1 (crew_class_controller.Rd:365): Warning: <h5> anchor "Usage" already defined crew_class_controller.html:565:1 (crew_class_controller.Rd:369): Warning: <h5> anchor "Arguments" already defined crew_class_controller.html:579:1 (crew_class_controller.Rd:377): Warning: <h5> anchor "Details" already defined crew_class_controller.html:587:1 (crew_class_controller.Rd:382): Warning: <h5> anchor "Returns" already defined crew_class_controller.html:604:1 (crew_class_controller.Rd:391): Warning: <h5> anchor "Usage" already defined crew_class_controller.html:610:1 (crew_class_controller.Rd:395): Warning: <h5> anchor "Arguments" already defined crew_class_controller.html:624:1 (crew_class_controller.Rd:403): Warning: <h5> anchor "Details" already defined crew_class_controller.html:631:1 (crew_class_controller.Rd:407): Warning: <h5> anchor "Returns" already defined crew_class_controller.html:648:1 (crew_class_controller.Rd:416): Warning: <h5> anchor "Usage" already defined crew_class_controller.html:654:1 (crew_class_controller.Rd:420): Warning: <h5> anchor "Arguments" already defined crew_class_controller.html:670:1 (crew_class_controller.Rd:430): Warning: <h5> anchor "Returns" already defined crew_class_controller.html:687:1 (crew_class_controller.Rd:439): Warning: <h5> anchor "Usage" already defined crew_class_controller.html:693:1 (crew_class_controller.Rd:443): Warning: <h5> anchor "Arguments" already defined crew_class_controller.html:712:1 (crew_class_controller.Rd:456): Warning: <h5> anchor "Details" already defined crew_class_controller.html:720:1 (crew_class_controller.Rd:461): Warning: <h5> anchor "Returns" already defined crew_class_controller.html:741:1 (crew_class_controller.Rd:474): Warning: <h5> anchor "Usage" already defined crew_class_controller.html:750:1 (crew_class_controller.Rd:481): Warning: <h5> anchor "Arguments" already defined crew_class_controller.html:766:1 (crew_class_controller.Rd:491): Warning: <h5> anchor "Details" already defined crew_class_controller.html:774:1 (crew_class_controller.Rd:496): Warning: <h5> anchor "Returns" already defined crew_class_controller.html:792:1 (crew_class_controller.Rd:506): Warning: <h5> anchor "Usage" already defined crew_class_controller.html:798:1 (crew_class_controller.Rd:510): Warning: <h5> anchor "Arguments" already defined crew_class_controller.html:812:1 (crew_class_controller.Rd:518): Warning: <h5> anchor "Returns" already defined crew_class_controller.html:829:1 (crew_class_controller.Rd:527): Warning: <h5> anchor "Usage" already defined crew_class_controller.html:835:1 (crew_class_controller.Rd:531): Warning: <h5> anchor "Arguments" already defined crew_class_controller.html:851:1 (crew_class_controller.Rd:541): Warning: <h5> anchor "Details" already defined crew_class_controller.html:858:1 (crew_class_controller.Rd:545): Warning: <h5> anchor "Returns" already defined crew_class_controller.html:876:1 (crew_class_controller.Rd:555): Warning: <h5> anchor "Usage" already defined crew_class_controller.html:897:1 (crew_class_controller.Rd:574): Warning: <h5> anchor "Arguments" already defined crew_class_controller.html:979:1 (crew_class_controller.Rd:650): Warning: <h5> anchor "Returns" already defined crew_class_controller.html:1000:1 (crew_class_controller.Rd:663): Warning: <h5> anchor "Usage" already defined crew_class_controller.html:1023:1 (crew_class_controller.Rd:684): Warning: <h5> anchor "Arguments" already defined crew_class_controller.html:1118:1 (crew_class_controller.Rd:773): Warning: <h5> anchor "Details" already defined crew_class_controller.html:1126:1 (crew_class_controller.Rd:778): Warning: <h5> anchor "Returns" already defined crew_class_controller.html:1147:1 (crew_class_controller.Rd:791): Warning: <h5> anchor "Usage" already defined crew_class_controller.html:1173:1 (crew_class_controller.Rd:815): Warning: <h5> anchor "Arguments" already defined crew_class_controller.html:1301:1 (crew_class_controller.Rd:930): Warning: <h5> anchor "Details" already defined crew_class_controller.html:1312:1 (crew_class_controller.Rd:938): Warning: <h5> anchor "Returns" already defined crew_class_controller.html:1330:1 (crew_class_controller.Rd:948): Warning: <h5> anchor "Usage" already defined crew_class_controller.html:1342:1 (crew_class_controller.Rd:958): Warning: <h5> anchor "Arguments" already defined crew_class_controller.html:1390:1 (crew_class_controller.Rd:993): Warning: <h5> anchor "Details" already defined crew_class_controller.html:1398:1 (crew_class_controller.Rd:998): Warning: <h5> anchor "Returns" already defined crew_class_controller.html:1483:1 (crew_class_controller.Rd:1048): Warning: <h5> anchor "Usage" already defined crew_class_controller.html:1494:1 (crew_class_controller.Rd:1057): Warning: <h5> anchor "Arguments" already defined crew_class_controller.html:1528:1 (crew_class_controller.Rd:1085): Warning: <h5> anchor "Returns" already defined crew_class_controller.html:1548:1 (crew_class_controller.Rd:1097): Warning: <h5> anchor "Usage" already defined crew_class_controller.html:1561:1 (crew_class_controller.Rd:1108): Warning: <h5> anchor "Arguments" already defined crew_class_controller.html:1601:1 (crew_class_controller.Rd:1142): Warning: <h5> anchor "Details" already defined crew_class_controller.html:1610:1 (crew_class_controller.Rd:1148): Warning: <h5> anchor "Returns" already defined crew_class_controller.html:1633:1 (crew_class_controller.Rd:1163): Warning: <h5> anchor "Usage" already defined crew_class_controller.html:1639:1 (crew_class_controller.Rd:1167): Warning: <h5> anchor "Arguments" already defined crew_class_controller.html:1656:1 (crew_class_controller.Rd:1178): Warning: <h5> anchor "Details" already defined crew_class_controller.html:1664:1 (crew_class_controller.Rd:1183): Warning: <h5> anchor "Returns" already defined crew_class_controller.html:1682:1 (crew_class_controller.Rd:1193): Warning: <h5> anchor "Usage" already defined crew_class_controller.html:1688:1 (crew_class_controller.Rd:1197): Warning: <h5> anchor "Arguments" already defined crew_class_controller.html:1702:1 (crew_class_controller.Rd:1205): Warning: <h5> anchor "Returns" already defined crew_class_controller.html:1721:1 (crew_class_controller.Rd:1216): Warning: <h5> anchor "Usage" already defined crew_class_controller.html:1727:1 (crew_class_controller.Rd:1220): Warning: <h5> anchor "Arguments" already defined crew_class_controller.html:1741:1 (crew_class_controller.Rd:1228): Warning: <h5> anchor "Returns" already defined crew_class_controller.html:1792:1 (crew_class_controller.Rd:1254): Warning: <h5> anchor "Usage" already defined crew_class_controller.html:1798:1 (crew_class_controller.Rd:1258): Warning: <h5> anchor "Arguments" already defined crew_class_controller.html:1815:1 (crew_class_controller.Rd:1269): Warning: <h5> anchor "Returns" already defined crew_class_controller.html:1832:1 (crew_class_controller.Rd:1278): Warning: <h5> anchor "Usage" already defined crew_class_controller.html:1838:1 (crew_class_controller.Rd:1282): Warning: <h5> anchor "Arguments" already defined crew_class_controller.html:1852:1 (crew_class_controller.Rd:1290): Warning: <h5> anchor "Returns" already defined crew_class_controller.html:1869:1 (crew_class_controller.Rd:1299): Warning: <h5> anchor "Usage" already defined crew_class_controller.html:1875:1 (crew_class_controller.Rd:1303): Warning: <h5> anchor "Arguments" already defined crew_class_controller.html:1889:1 (crew_class_controller.Rd:1311): Warning: <h5> anchor "Returns" already defined crew_class_controller_group.html:207:1 (crew_class_controller_group.Rd:139): Warning: <h5> anchor "Usage" already defined crew_class_controller_group.html:213:1 (crew_class_controller_group.Rd:143): Warning: <h5> anchor "Returns" already defined crew_class_controller_group.html:230:1 (crew_class_controller_group.Rd:152): Warning: <h5> anchor "Usage" already defined crew_class_controller_group.html:236:1 (crew_class_controller_group.Rd:156): Warning: <h5> anchor "Arguments" already defined crew_class_controller_group.html:250:1 (crew_class_controller_group.Rd:164): Warning: <h5> anchor "Returns" already defined crew_class_controller_group.html:267:1 (crew_class_controller_group.Rd:173): Warning: <h5> anchor "Usage" already defined crew_class_controller_group.html:273:1 (crew_class_controller_group.Rd:177): Warning: <h5> anchor "Arguments" already defined crew_class_controller_group.html:295:1 (crew_class_controller_group.Rd:190): Warning: <h5> anchor "Returns" already defined crew_class_controller_group.html:313:1 (crew_class_controller_group.Rd:200): Warning: <h5> anchor "Usage" already defined crew_class_controller_group.html:319:1 (crew_class_controller_group.Rd:204): Warning: <h5> anchor "Arguments" already defined crew_class_controller_group.html:333:1 (crew_class_controller_group.Rd:212): Warning: <h5> anchor "Details" already defined crew_class_controller_group.html:341:1 (crew_class_controller_group.Rd:217): Warning: <h5> anchor "Returns" already defined crew_class_controller_group.html:358:1 (crew_class_controller_group.Rd:226): Warning: <h5> anchor "Usage" already defined crew_class_controller_group.html:364:1 (crew_class_controller_group.Rd:230): Warning: <h5> anchor "Arguments" already defined crew_class_controller_group.html:378:1 (crew_class_controller_group.Rd:238): Warning: <h5> anchor "Details" already defined crew_class_controller_group.html:386:1 (crew_class_controller_group.Rd:243): Warning: <h5> anchor "Returns" already defined crew_class_controller_group.html:406:1 (crew_class_controller_group.Rd:255): Warning: <h5> anchor "Usage" already defined crew_class_controller_group.html:412:1 (crew_class_controller_group.Rd:259): Warning: <h5> anchor "Arguments" already defined crew_class_controller_group.html:426:1 (crew_class_controller_group.Rd:267): Warning: <h5> anchor "Returns" already defined crew_class_controller_group.html:444:1 (crew_class_controller_group.Rd:277): Warning: <h5> anchor "Usage" already defined crew_class_controller_group.html:454:1 (crew_class_controller_group.Rd:285): Warning: <h5> anchor "Arguments" already defined crew_class_controller_group.html:473:1 (crew_class_controller_group.Rd:298): Warning: <h5> anchor "Details" already defined crew_class_controller_group.html:484:1 (crew_class_controller_group.Rd:306): Warning: <h5> anchor "Returns" already defined crew_class_controller_group.html:502:1 (crew_class_controller_group.Rd:316): Warning: <h5> anchor "Usage" already defined crew_class_controller_group.html:508:1 (crew_class_controller_group.Rd:320): Warning: <h5> anchor "Arguments" already defined crew_class_controller_group.html:522:1 (crew_class_controller_group.Rd:328): Warning: <h5> anchor "Returns" already defined crew_class_controller_group.html:539:1 (crew_class_controller_group.Rd:337): Warning: <h5> anchor "Usage" already defined crew_class_controller_group.html:545:1 (crew_class_controller_group.Rd:341): Warning: <h5> anchor "Arguments" already defined crew_class_controller_group.html:559:1 (crew_class_controller_group.Rd:349): Warning: <h5> anchor "Details" already defined crew_class_controller_group.html:566:1 (crew_class_controller_group.Rd:353): Warning: <h5> anchor "Returns" already defined crew_class_controller_group.html:583:1 (crew_class_controller_group.Rd:362): Warning: <h5> anchor "Usage" already defined crew_class_controller_group.html:589:1 (crew_class_controller_group.Rd:366): Warning: <h5> anchor "Arguments" already defined crew_class_controller_group.html:605:1 (crew_class_controller_group.Rd:376): Warning: <h5> anchor "Returns" already defined crew_class_controller_group.html:623:1 (crew_class_controller_group.Rd:386): Warning: <h5> anchor "Usage" already defined crew_class_controller_group.html:629:1 (crew_class_controller_group.Rd:390): Warning: <h5> anchor "Arguments" already defined crew_class_controller_group.html:648:1 (crew_class_controller_group.Rd:403): Warning: <h5> anchor "Details" already defined crew_class_controller_group.html:655:1 (crew_class_controller_group.Rd:407): Warning: <h5> anchor "Returns" already defined crew_class_controller_group.html:674:1 (crew_class_controller_group.Rd:418): Warning: <h5> anchor "Usage" already defined crew_class_controller_group.html:683:1 (crew_class_controller_group.Rd:425): Warning: <h5> anchor "Arguments" already defined crew_class_controller_group.html:699:1 (crew_class_controller_group.Rd:435): Warning: <h5> anchor "Returns" already defined crew_class_controller_group.html:717:1 (crew_class_controller_group.Rd:445): Warning: <h5> anchor "Usage" already defined crew_class_controller_group.html:723:1 (crew_class_controller_group.Rd:449): Warning: <h5> anchor "Arguments" already defined crew_class_controller_group.html:737:1 (crew_class_controller_group.Rd:457): Warning: <h5> anchor "Returns" already defined crew_class_controller_group.html:755:1 (crew_class_controller_group.Rd:467): Warning: <h5> anchor "Usage" already defined crew_class_controller_group.html:761:1 (crew_class_controller_group.Rd:471): Warning: <h5> anchor "Arguments" already defined crew_class_controller_group.html:777:1 (crew_class_controller_group.Rd:481): Warning: <h5> anchor "Details" already defined crew_class_controller_group.html:784:1 (crew_class_controller_group.Rd:485): Warning: <h5> anchor "Returns" already defined crew_class_controller_group.html:802:1 (crew_class_controller_group.Rd:495): Warning: <h5> anchor "Usage" already defined crew_class_controller_group.html:823:1 (crew_class_controller_group.Rd:514): Warning: <h5> anchor "Arguments" already defined crew_class_controller_group.html:905:1 (crew_class_controller_group.Rd:590): Warning: <h5> anchor "Returns" already defined crew_class_controller_group.html:926:1 (crew_class_controller_group.Rd:603): Warning: <h5> anchor "Usage" already defined crew_class_controller_group.html:949:1 (crew_class_controller_group.Rd:624): Warning: <h5> anchor "Arguments" already defined crew_class_controller_group.html:1046:1 (crew_class_controller_group.Rd:715): Warning: <h5> anchor "Details" already defined crew_class_controller_group.html:1054:1 (crew_class_controller_group.Rd:720): Warning: <h5> anchor "Returns" already defined crew_class_controller_group.html:1073:1 (crew_class_controller_group.Rd:731): Warning: <h5> anchor "Usage" already defined crew_class_controller_group.html:1099:1 (crew_class_controller_group.Rd:755): Warning: <h5> anchor "Arguments" already defined crew_class_controller_group.html:1225:1 (crew_class_controller_group.Rd:868): Warning: <h5> anchor "Details" already defined crew_class_controller_group.html:1233:1 (crew_class_controller_group.Rd:873): Warning: <h5> anchor "Returns" already defined crew_class_controller_group.html:1251:1 (crew_class_controller_group.Rd:883): Warning: <h5> anchor "Usage" already defined crew_class_controller_group.html:1263:1 (crew_class_controller_group.Rd:893): Warning: <h5> anchor "Arguments" already defined crew_class_controller_group.html:1304:1 (crew_class_controller_group.Rd:921): Warning: <h5> anchor "Returns" already defined crew_class_controller_group.html:1324:1 (crew_class_controller_group.Rd:933): Warning: <h5> anchor "Usage" already defined crew_class_controller_group.html:1335:1 (crew_class_controller_group.Rd:942): Warning: <h5> anchor "Arguments" already defined crew_class_controller_group.html:1374:1 (crew_class_controller_group.Rd:968): Warning: <h5> anchor "Returns" already defined crew_class_controller_group.html:1393:1 (crew_class_controller_group.Rd:979): Warning: <h5> anchor "Usage" already defined crew_class_controller_group.html:1406:1 (crew_class_controller_group.Rd:990): Warning: <h5> anchor "Arguments" already defined crew_class_controller_group.html:1448:1 (crew_class_controller_group.Rd:1026): Warning: <h5> anchor "Details" already defined crew_class_controller_group.html:1457:1 (crew_class_controller_group.Rd:1032): Warning: <h5> anchor "Returns" already defined crew_class_controller_group.html:1480:1 (crew_class_controller_group.Rd:1047): Warning: <h5> anchor "Usage" already defined crew_class_controller_group.html:1486:1 (crew_class_controller_group.Rd:1051): Warning: <h5> anchor "Arguments" already defined crew_class_controller_group.html:1504:1 (crew_class_controller_group.Rd:1063): Warning: <h5> anchor "Details" already defined crew_class_controller_group.html:1512:1 (crew_class_controller_group.Rd:1068): Warning: <h5> anchor "Returns" already defined crew_class_controller_group.html:1530:1 (crew_class_controller_group.Rd:1078): Warning: <h5> anchor "Usage" already defined crew_class_controller_group.html:1536:1 (crew_class_controller_group.Rd:1082): Warning: <h5> anchor "Arguments" already defined crew_class_controller_group.html:1550:1 (crew_class_controller_group.Rd:1090): Warning: <h5> anchor "Returns" already defined crew_class_controller_group.html:1569:1 (crew_class_controller_group.Rd:1101): Warning: <h5> anchor "Usage" already defined crew_class_controller_group.html:1575:1 (crew_class_controller_group.Rd:1105): Warning: <h5> anchor "Arguments" already defined crew_class_controller_group.html:1589:1 (crew_class_controller_group.Rd:1113): Warning: <h5> anchor "Returns" already defined crew_class_controller_group.html:1610:1 (crew_class_controller_group.Rd:1126): Warning: <h5> anchor "Usage" already defined crew_class_controller_group.html:1616:1 (crew_class_controller_group.Rd:1130): Warning: <h5> anchor "Arguments" already defined crew_class_controller_group.html:1630:1 (crew_class_controller_group.Rd:1138): Warning: <h5> anchor "Returns" already defined crew_class_controller_group.html:1648:1 (crew_class_controller_group.Rd:1148): Warning: <h5> anchor "Usage" already defined crew_class_controller_group.html:1654:1 (crew_class_controller_group.Rd:1152): Warning: <h5> anchor "Arguments" already defined crew_class_controller_group.html:1668:1 (crew_class_controller_group.Rd:1160): Warning: <h5> anchor "Returns" already defined crew_class_controller_sequential.html:171:1 (crew_class_controller_sequential.Rd:101): Warning: <h5> anchor "Usage" already defined crew_class_controller_sequential.html:177:1 (crew_class_controller_sequential.Rd:105): Warning: <h5> anchor "Arguments" already defined crew_class_controller_sequential.html:191:1 (crew_class_controller_sequential.Rd:113): Warning: <h5> anchor "Returns" already defined crew_class_controller_sequential.html:209:1 (crew_class_controller_sequential.Rd:123): Warning: <h5> anchor "Usage" already defined crew_class_controller_sequential.html:219:1 (crew_class_controller_sequential.Rd:131): Warning: <h5> anchor "Arguments" already defined crew_class_controller_sequential.html:237:1 (crew_class_controller_sequential.Rd:143): Warning: <h5> anchor "Returns" already defined crew_class_controller_sequential.html:256:1 (crew_class_controller_sequential.Rd:154): Warning: <h5> anchor "Usage" already defined crew_class_controller_sequential.html:262:1 (crew_class_controller_sequential.Rd:158): Warning: <h5> anchor "Arguments" already defined crew_class_controller_sequential.html:276:1 (crew_class_controller_sequential.Rd:166): Warning: <h5> anchor "Details" already defined crew_class_controller_sequential.html:284:1 (crew_class_controller_sequential.Rd:171): Warning: <h5> anchor "Returns" already defined crew_class_controller_sequential.html:301:1 (crew_class_controller_sequential.Rd:180): Warning: <h5> anchor "Usage" already defined crew_class_controller_sequential.html:307:1 (crew_class_controller_sequential.Rd:184): Warning: <h5> anchor "Arguments" already defined crew_class_controller_sequential.html:323:1 (crew_class_controller_sequential.Rd:194): Warning: <h5> anchor "Returns" already defined crew_class_controller_sequential.html:340:1 (crew_class_controller_sequential.Rd:203): Warning: <h5> anchor "Usage" already defined crew_class_controller_sequential.html:346:1 (crew_class_controller_sequential.Rd:207): Warning: <h5> anchor "Arguments" already defined crew_class_controller_sequential.html:362:1 (crew_class_controller_sequential.Rd:217): Warning: <h5> anchor "Returns" already defined crew_class_controller_sequential.html:379:1 (crew_class_controller_sequential.Rd:226): Warning: <h5> anchor "Usage" already defined crew_class_controller_sequential.html:385:1 (crew_class_controller_sequential.Rd:230): Warning: <h5> anchor "Arguments" already defined crew_class_controller_sequential.html:414:1 (crew_class_controller_sequential.Rd:249): Warning: <h5> anchor "Usage" already defined crew_class_controller_sequential.html:420:1 (crew_class_controller_sequential.Rd:253): Warning: <h5> anchor "Arguments" already defined crew_class_controller_sequential.html:434:1 (crew_class_controller_sequential.Rd:261): Warning: <h5> anchor "Returns" already defined crew_class_controller_sequential.html:451:1 (crew_class_controller_sequential.Rd:270): Warning: <h5> anchor "Usage" already defined crew_class_controller_sequential.html:472:1 (crew_class_controller_sequential.Rd:289): Warning: <h5> anchor "Arguments" already defined crew_class_controller_sequential.html:546:1 (crew_class_controller_sequential.Rd:357): Warning: <h5> anchor "Returns" already defined crew_class_controller_sequential.html:564:1 (crew_class_controller_sequential.Rd:367): Warning: <h5> anchor "Usage" already defined crew_class_controller_sequential.html:577:1 (crew_class_controller_sequential.Rd:378): Warning: <h5> anchor "Arguments" already defined crew_class_controller_sequential.html:601:1 (crew_class_controller_sequential.Rd:396): Warning: <h5> anchor "Returns" already defined crew_class_controller_sequential.html:619:1 (crew_class_controller_sequential.Rd:406): Warning: <h5> anchor "Usage" already defined crew_class_controller_sequential.html:625:1 (crew_class_controller_sequential.Rd:410): Warning: <h5> anchor "Arguments" already defined crew_class_controller_sequential.html:642:1 (crew_class_controller_sequential.Rd:421): Warning: <h5> anchor "Returns" already defined crew_class_controller_sequential.html:659:1 (crew_class_controller_sequential.Rd:430): Warning: <h5> anchor "Usage" already defined crew_class_controller_sequential.html:665:1 (crew_class_controller_sequential.Rd:434): Warning: <h5> anchor "Arguments" already defined crew_class_controller_sequential.html:679:1 (crew_class_controller_sequential.Rd:442): Warning: <h5> anchor "Returns" already defined crew_class_controller_sequential.html:696:1 (crew_class_controller_sequential.Rd:451): Warning: <h5> anchor "Usage" already defined crew_class_controller_sequential.html:702:1 (crew_class_controller_sequential.Rd:455): Warning: <h5> anchor "Arguments" already defined crew_class_controller_sequential.html:727:1 (crew_class_controller_sequential.Rd:470): Warning: <h5> anchor "Usage" already defined crew_class_controller_sequential.html:733:1 (crew_class_controller_sequential.Rd:474): Warning: <h5> anchor "Arguments" already defined crew_class_controller_sequential.html:747:1 (crew_class_controller_sequential.Rd:482): Warning: <h5> anchor "Returns" already defined crew_class_launcher.html:267:1 (crew_class_launcher.Rd:224): Warning: <h5> anchor "Usage" already defined crew_class_launcher.html:273:1 (crew_class_launcher.Rd:228): Warning: <h5> anchor "Returns" already defined crew_class_launcher.html:290:1 (crew_class_launcher.Rd:237): Warning: <h5> anchor "Usage" already defined crew_class_launcher.html:296:1 (crew_class_launcher.Rd:241): Warning: <h5> anchor "Returns" already defined crew_class_launcher.html:314:1 (crew_class_launcher.Rd:251): Warning: <h5> anchor "Usage" already defined crew_class_launcher.html:320:1 (crew_class_launcher.Rd:255): Warning: <h5> anchor "Returns" already defined crew_class_launcher.html:338:1 (crew_class_launcher.Rd:265): Warning: <h5> anchor "Usage" already defined crew_class_launcher.html:344:1 (crew_class_launcher.Rd:269): Warning: <h5> anchor "Arguments" already defined crew_class_launcher.html:357:1 (crew_class_launcher.Rd:276): Warning: <h5> anchor "Returns" already defined crew_class_launcher.html:364:1 (crew_class_launcher.Rd:279): Warning: <h5> anchor "Examples" already defined crew_class_launcher.html:386:1 (crew_class_launcher.Rd:296): Warning: <h5> anchor "Usage" already defined crew_class_launcher.html:392:1 (crew_class_launcher.Rd:300): Warning: <h5> anchor "Arguments" already defined crew_class_launcher.html:409:1 (crew_class_launcher.Rd:311): Warning: <h5> anchor "Returns" already defined crew_class_launcher.html:426:1 (crew_class_launcher.Rd:320): Warning: <h5> anchor "Usage" already defined crew_class_launcher.html:432:1 (crew_class_launcher.Rd:324): Warning: <h5> anchor "Returns" already defined crew_class_launcher.html:449:1 (crew_class_launcher.Rd:333): Warning: <h5> anchor "Usage" already defined crew_class_launcher.html:455:1 (crew_class_launcher.Rd:337): Warning: <h5> anchor "Arguments" already defined crew_class_launcher.html:468:1 (crew_class_launcher.Rd:344): Warning: <h5> anchor "Returns" already defined crew_class_launcher.html:485:1 (crew_class_launcher.Rd:353): Warning: <h5> anchor "Usage" already defined crew_class_launcher.html:491:1 (crew_class_launcher.Rd:357): Warning: <h5> anchor "Arguments" already defined crew_class_launcher.html:512:1 (crew_class_launcher.Rd:369): Warning: <h5> anchor "Returns" already defined crew_class_launcher.html:529:1 (crew_class_launcher.Rd:378): Warning: <h5> anchor "Usage" already defined crew_class_launcher.html:535:1 (crew_class_launcher.Rd:382): Warning: <h5> anchor "Arguments" already defined crew_class_launcher.html:551:1 (crew_class_launcher.Rd:392): Warning: <h5> anchor "Details" already defined crew_class_launcher.html:559:1 (crew_class_launcher.Rd:397): Warning: <h5> anchor "Returns" already defined crew_class_launcher.html:576:1 (crew_class_launcher.Rd:406): Warning: <h5> anchor "Usage" already defined crew_class_launcher.html:582:1 (crew_class_launcher.Rd:410): Warning: <h5> anchor "Arguments" already defined crew_class_launcher.html:598:1 (crew_class_launcher.Rd:420): Warning: <h5> anchor "Returns" already defined crew_class_launcher.html:618:1 (crew_class_launcher.Rd:432): Warning: <h5> anchor "Usage" already defined crew_class_launcher.html:624:1 (crew_class_launcher.Rd:436): Warning: <h5> anchor "Returns" already defined crew_class_launcher.html:641:1 (crew_class_launcher.Rd:445): Warning: <h5> anchor "Usage" already defined crew_class_launcher.html:647:1 (crew_class_launcher.Rd:449): Warning: <h5> anchor "Arguments" already defined crew_class_launcher.html:660:1 (crew_class_launcher.Rd:456): Warning: <h5> anchor "Returns" already defined crew_class_launcher.html:677:1 (crew_class_launcher.Rd:465): Warning: <h5> anchor "Usage" already defined crew_class_launcher.html:683:1 (crew_class_launcher.Rd:469): Warning: <h5> anchor "Arguments" already defined crew_class_launcher.html:696:1 (crew_class_launcher.Rd:476): Warning: <h5> anchor "Returns" already defined crew_class_launcher.html:713:1 (crew_class_launcher.Rd:485): Warning: <h5> anchor "Usage" already defined crew_class_launcher.html:719:1 (crew_class_launcher.Rd:489): Warning: <h5> anchor "Arguments" already defined crew_class_launcher_local.html:211:1 (crew_class_launcher_local.Rd:181): Warning: <h5> anchor "Usage" already defined crew_class_launcher_local.html:217:1 (crew_class_launcher_local.Rd:185): Warning: <h5> anchor "Returns" already defined crew_class_launcher_local.html:235:1 (crew_class_launcher_local.Rd:195): Warning: <h5> anchor "Usage" already defined crew_class_launcher_local.html:241:1 (crew_class_launcher_local.Rd:199): Warning: <h5> anchor "Arguments" already defined crew_class_launcher_local.html:265:1 (crew_class_launcher_local.Rd:214): Warning: <h5> anchor "Returns" already defined crew_class_launcher_local.html:283:1 (crew_class_launcher_local.Rd:224): Warning: <h5> anchor "Usage" already defined crew_class_launcher_local.html:289:1 (crew_class_launcher_local.Rd:228): Warning: <h5> anchor "Arguments" already defined crew_class_monitor_local.html:106:1 (crew_class_monitor_local.Rd:55): Warning: <h5> anchor "Usage" already defined crew_class_monitor_local.html:112:1 (crew_class_monitor_local.Rd:59): Warning: <h5> anchor "Arguments" already defined crew_class_monitor_local.html:126:1 (crew_class_monitor_local.Rd:67): Warning: <h5> anchor "Returns" already defined crew_class_monitor_local.html:145:1 (crew_class_monitor_local.Rd:78): Warning: <h5> anchor "Usage" already defined crew_class_monitor_local.html:151:1 (crew_class_monitor_local.Rd:82): Warning: <h5> anchor "Arguments" already defined crew_class_monitor_local.html:177:1 (crew_class_monitor_local.Rd:99): Warning: <h5> anchor "Returns" already defined crew_class_monitor_local.html:195:1 (crew_class_monitor_local.Rd:109): Warning: <h5> anchor "Usage" already defined crew_class_monitor_local.html:201:1 (crew_class_monitor_local.Rd:113): Warning: <h5> anchor "Arguments" already defined crew_class_monitor_local.html:215:1 (crew_class_monitor_local.Rd:121): Warning: <h5> anchor "Details" already defined crew_class_monitor_local.html:223:1 (crew_class_monitor_local.Rd:126): Warning: <h5> anchor "Returns" already defined crew_class_relay.html:129:1 (crew_class_relay.Rd:70): Warning: <h5> anchor "Usage" already defined crew_class_relay.html:135:1 (crew_class_relay.Rd:74): Warning: <h5> anchor "Returns" already defined crew_class_relay.html:152:1 (crew_class_relay.Rd:83): Warning: <h5> anchor "Usage" already defined crew_class_relay.html:158:1 (crew_class_relay.Rd:87): Warning: <h5> anchor "Returns" already defined crew_class_relay.html:175:1 (crew_class_relay.Rd:96): Warning: <h5> anchor "Usage" already defined crew_class_relay.html:181:1 (crew_class_relay.Rd:100): Warning: <h5> anchor "Returns" already defined crew_class_relay.html:198:1 (crew_class_relay.Rd:109): Warning: <h5> anchor "Usage" already defined crew_class_relay.html:204:1 (crew_class_relay.Rd:113): Warning: <h5> anchor "Arguments" already defined crew_class_relay.html:217:1 (crew_class_relay.Rd:120): Warning: <h5> anchor "Returns" already defined crew_class_relay.html:234:1 (crew_class_relay.Rd:129): Warning: <h5> anchor "Usage" already defined crew_class_relay.html:240:1 (crew_class_relay.Rd:133): Warning: <h5> anchor "Arguments" already defined crew_class_relay.html:253:1 (crew_class_relay.Rd:140): Warning: <h5> anchor "Returns" already defined crew_class_relay.html:271:1 (crew_class_relay.Rd:150): Warning: <h5> anchor "Usage" already defined crew_class_relay.html:277:1 (crew_class_relay.Rd:154): Warning: <h5> anchor "Returns" already defined crew_class_throttle.html:157:1 (crew_class_throttle.Rd:107): Warning: <h5> anchor "Usage" already defined crew_class_throttle.html:163:1 (crew_class_throttle.Rd:111): Warning: <h5> anchor "Returns" already defined crew_class_throttle.html:180:1 (crew_class_throttle.Rd:120): Warning: <h5> anchor "Usage" already defined crew_class_throttle.html:186:1 (crew_class_throttle.Rd:124): Warning: <h5> anchor "Returns" already defined crew_class_throttle.html:204:1 (crew_class_throttle.Rd:134): Warning: <h5> anchor "Usage" already defined crew_class_throttle.html:210:1 (crew_class_throttle.Rd:138): Warning: <h5> anchor "Returns" already defined crew_class_throttle.html:227:1 (crew_class_throttle.Rd:147): Warning: <h5> anchor "Usage" already defined crew_class_throttle.html:233:1 (crew_class_throttle.Rd:151): Warning: <h5> anchor "Returns" already defined crew_class_throttle.html:251:1 (crew_class_throttle.Rd:161): Warning: <h5> anchor "Usage" already defined crew_class_throttle.html:257:1 (crew_class_throttle.Rd:165): Warning: <h5> anchor "Returns" already defined crew_class_throttle.html:275:1 (crew_class_throttle.Rd:175): Warning: <h5> anchor "Usage" already defined crew_class_throttle.html:281:1 (crew_class_throttle.Rd:179): Warning: <h5> anchor "Arguments" already defined crew_class_throttle.html:294:1 (crew_class_throttle.Rd:186): Warning: <h5> anchor "Returns" already defined crew_class_tls.html:143:1 (crew_class_tls.Rd:93): Warning: <h5> anchor "Usage" already defined crew_class_tls.html:149:1 (crew_class_tls.Rd:97): Warning: <h5> anchor "Arguments" already defined crew_class_tls.html:163:1 (crew_class_tls.Rd:105): Warning: <h5> anchor "Returns" already defined crew_class_tls.html:180:1 (crew_class_tls.Rd:114): Warning: <h5> anchor "Usage" already defined crew_class_tls.html:186:1 (crew_class_tls.Rd:118): Warning: <h5> anchor "Returns" already defined crew_class_tls.html:203:1 (crew_class_tls.Rd:127): Warning: <h5> anchor "Usage" already defined crew_class_tls.html:209:1 (crew_class_tls.Rd:131): Warning: <h5> anchor "Arguments" already defined crew_class_tls.html:222:1 (crew_class_tls.Rd:138): Warning: <h5> anchor "Returns" already defined crew_class_tls.html:239:1 (crew_class_tls.Rd:147): Warning: <h5> anchor "Usage" already defined crew_class_tls.html:245:1 (crew_class_tls.Rd:151): Warning: <h5> anchor "Arguments" already defined crew_class_tls.html:261:1 (crew_class_tls.Rd:161): Warning: <h5> anchor "Returns" already defined Flavors: r-devel-linux-x86_64-debian-clang, r-devel-linux-x86_64-debian-gcc