CRAN Package Check Results for Package crmn

Last updated on 2025-10-21 17:49:45 CEST.

Flavor Version Tinstall Tcheck Ttotal Status Flags
r-devel-linux-x86_64-debian-clang 0.0.21 6.78 66.40 73.18 NOTE
r-devel-linux-x86_64-debian-gcc 0.0.21 5.36 46.98 52.34 NOTE
r-devel-linux-x86_64-fedora-clang 0.0.21 79.61 NOTE
r-devel-linux-x86_64-fedora-gcc 0.0.21 15.00 97.08 112.08 NOTE
r-devel-windows-x86_64 0.0.21 7.00 90.00 97.00 NOTE
r-patched-linux-x86_64 0.0.21 6.24 63.40 69.64 NOTE
r-release-linux-x86_64 0.0.21 7.20 62.70 69.90 NOTE
r-release-macos-arm64 0.0.21 4.00 43.00 47.00 NOTE
r-release-macos-x86_64 0.0.21 6.00 62.00 68.00 NOTE
r-release-windows-x86_64 0.0.21 7.00 92.00 99.00 NOTE
r-oldrel-macos-arm64 0.0.21 3.00 33.00 36.00 NOTE
r-oldrel-macos-x86_64 0.0.21 5.00 53.00 58.00 NOTE
r-oldrel-windows-x86_64 0.0.21 8.00 86.00 94.00 NOTE

Check Details

Version: 0.0.21
Check: CRAN incoming feasibility
Result: NOTE Maintainer: ‘Henning Redestig <henning.red@gmail.com>’ No Authors@R field in DESCRIPTION. Please add one, modifying Authors@R: person(given = "Henning", family = "Redestig", role = c("aut", "cre"), email = "henning.red@gmail.com") as necessary. Package CITATION file contains call(s) to old-style citEntry(). Please use bibentry() instead. Flavors: r-devel-linux-x86_64-debian-clang, r-devel-linux-x86_64-debian-gcc

Version: 0.0.21
Check: Rd files
Result: NOTE checkRd: (-1) normFit.Rd:39: Lost braces; missing escapes or markup? 39 | {analytes}} | ^ checkRd: (-1) normPred.Rd:27: Lost braces 27 | ode{standards}, \code{analytes}} | ^ Flavors: r-devel-linux-x86_64-debian-clang, r-devel-linux-x86_64-debian-gcc, r-devel-linux-x86_64-fedora-clang, r-devel-linux-x86_64-fedora-gcc, r-devel-windows-x86_64, r-patched-linux-x86_64, r-release-linux-x86_64, r-release-macos-arm64, r-release-macos-x86_64, r-release-windows-x86_64, r-oldrel-macos-arm64, r-oldrel-macos-x86_64, r-oldrel-windows-x86_64