Last updated on 2025-10-22 23:49:52 CEST.
Flavor | Version | Tinstall | Tcheck | Ttotal | Status | Flags |
---|---|---|---|---|---|---|
r-devel-linux-x86_64-debian-clang | 1.31.1 | 35.32 | 351.56 | 386.88 | NOTE | |
r-devel-linux-x86_64-debian-gcc | 1.31.1 | 20.73 | 221.50 | 242.23 | OK | |
r-devel-linux-x86_64-fedora-clang | 1.31.1 | 45.00 | 363.61 | 408.61 | OK | |
r-devel-linux-x86_64-fedora-gcc | 1.31.1 | 74.00 | 502.79 | 576.79 | OK | |
r-devel-windows-x86_64 | 1.31.1 | 37.00 | 286.00 | 323.00 | OK | |
r-patched-linux-x86_64 | 1.31.1 | 35.43 | 328.07 | 363.50 | OK | |
r-release-linux-x86_64 | 1.31.1 | 32.36 | 329.18 | 361.54 | OK | |
r-release-macos-arm64 | 1.31.1 | 17.00 | 184.00 | 201.00 | OK | |
r-release-macos-x86_64 | 1.31.1 | 34.00 | 347.00 | 381.00 | OK | |
r-release-windows-x86_64 | 1.31.1 | 38.00 | 287.00 | 325.00 | OK | |
r-oldrel-macos-arm64 | 1.31.1 | 15.00 | 178.00 | 193.00 | OK | |
r-oldrel-macos-x86_64 | 1.31.1 | 36.00 | 373.00 | 409.00 | OK | |
r-oldrel-windows-x86_64 | 1.31.1 | 52.00 | 380.00 | 432.00 | OK |
Version: 1.31.1
Check: HTML version of manual
Result: NOTE
Found the following HTML validation problems:
AbstractCategory.html:51:1 (AbstractCategory.Rd:19): Warning: missing </ul> before </div>
crunchAPI.html:77:1 (crunchAPI.Rd:31): Warning: missing </ul> before </div>
cube-missingness.html:61:1 (cube-missingness.Rd:26): Warning: missing </ul> before </div>
ensureValidCase.html:69:1 (ensureValidCase.Rd:22): Warning: missing </ul> before </div>
fortify.html:56:1 (fortify.Rd:18): Warning: missing </ul> before </div>
login.html:52:1 (login.Rd:16): Warning: missing </ul> before </div>
palettes.html:63:1 (palettes.Rd:24): Warning: missing </ul> before </div>
replaceCharWithNumeric.html:56:1 (replaceCharWithNumeric.Rd:14): Warning: missing </ul> before </div>
retry.html:60:1 (retry.Rd:18): Warning: missing </ul> before </div>
serialPaste.html:51:1 (serialPaste.Rd:12): Warning: missing </ul> before </div>
streamRows.html:52:1 (streamRows.Rd:14): Warning: missing </ul> before </div>
tuple-methods.html:110:1 (tuple-methods.Rd:68): Warning: missing </ul> before </div>
validateNamesInDims.html:55:1 (validateNamesInDims.Rd:15): Warning: missing </ul> before </div>
Flavor: r-devel-linux-x86_64-debian-clang