Last updated on 2025-10-21 17:49:45 CEST.
Flavor | Version | Tinstall | Tcheck | Ttotal | Status | Flags |
---|---|---|---|---|---|---|
r-devel-linux-x86_64-debian-clang | 2024.6.24 | 7.12 | 84.41 | 91.53 | NOTE | |
r-devel-linux-x86_64-debian-gcc | 2024.6.24 | 4.35 | 59.97 | 64.32 | NOTE | |
r-devel-linux-x86_64-fedora-clang | 2024.6.24 | 25.00 | 114.32 | 139.32 | OK | |
r-devel-linux-x86_64-fedora-gcc | 2024.6.24 | 15.00 | 124.02 | 139.02 | OK | |
r-devel-windows-x86_64 | 2024.6.24 | 9.00 | 86.00 | 95.00 | OK | |
r-patched-linux-x86_64 | 2024.6.24 | 6.86 | 76.63 | 83.49 | OK | |
r-release-linux-x86_64 | 2024.6.24 | 6.10 | 75.69 | 81.79 | OK | |
r-release-macos-arm64 | 2024.6.24 | 3.00 | 39.00 | 42.00 | OK | |
r-release-macos-x86_64 | 2024.6.24 | 6.00 | 75.00 | 81.00 | OK | |
r-release-windows-x86_64 | 2024.6.24 | 10.00 | 87.00 | 97.00 | OK | |
r-oldrel-macos-arm64 | 2024.6.24 | 3.00 | 42.00 | 45.00 | OK | |
r-oldrel-macos-x86_64 | 2024.6.24 | 7.00 | 86.00 | 93.00 | OK | |
r-oldrel-windows-x86_64 | 2024.6.24 | 11.00 | 119.00 | 130.00 | OK |
Version: 2024.6.24
Check: HTML version of manual
Result: NOTE
Found the following HTML validation problems:
prediction_interval.html:62:1 (prediction_interval.Rd:18): Warning: missing </ul> before </div>
prediction_interval.glm.html:74:1 (prediction_interval.glm.Rd:27): Warning: missing </ul> before </div>
Flavors: r-devel-linux-x86_64-debian-clang, r-devel-linux-x86_64-debian-gcc