Last updated on 2025-10-24 18:49:52 CEST.
| Flavor | Version | Tinstall | Tcheck | Ttotal | Status | Flags |
|---|---|---|---|---|---|---|
| r-devel-linux-x86_64-debian-clang | 0.1.2 | 9.07 | 156.17 | 165.24 | NOTE | |
| r-devel-linux-x86_64-debian-gcc | 0.1.2 | 6.34 | 113.14 | 119.48 | NOTE | |
| r-devel-linux-x86_64-fedora-clang | 0.1.2 | 11.00 | 161.36 | 172.36 | OK | |
| r-devel-linux-x86_64-fedora-gcc | 0.1.2 | 22.00 | 239.89 | 261.89 | OK | |
| r-devel-windows-x86_64 | 0.1.2 | 11.00 | 164.00 | 175.00 | OK | |
| r-patched-linux-x86_64 | 0.1.2 | 8.08 | 149.39 | 157.47 | OK | |
| r-release-linux-x86_64 | 0.1.2 | 8.62 | 151.31 | 159.93 | OK | |
| r-release-macos-arm64 | 0.1.2 | 5.00 | 95.00 | 100.00 | OK | |
| r-release-macos-x86_64 | 0.1.2 | 9.00 | 166.00 | 175.00 | OK | |
| r-release-windows-x86_64 | 0.1.2 | 11.00 | 170.00 | 181.00 | OK | |
| r-oldrel-macos-arm64 | 0.1.2 | 4.00 | 75.00 | 79.00 | OK | |
| r-oldrel-macos-x86_64 | 0.1.2 | 6.00 | 115.00 | 121.00 | OK | |
| r-oldrel-windows-x86_64 | 0.1.2 | 15.00 | 215.00 | 230.00 | OK |
Version: 0.1.2
Check: CRAN incoming feasibility
Result: NOTE
Maintainer: ‘Cheng Ju <jucheng1992@gmail.com>’
The Description field contains
algorithm (Ju et al. (2017) <arXiv:1706.10029>).
Please refer to arXiv e-prints via their arXiv DOI <doi:10.48550/arXiv.YYMM.NNNNN>.
Flavors: r-devel-linux-x86_64-debian-clang, r-devel-linux-x86_64-debian-gcc