Last updated on 2025-10-21 17:49:45 CEST.
Flavor | Version | Tinstall | Tcheck | Ttotal | Status | Flags |
---|---|---|---|---|---|---|
r-devel-linux-x86_64-debian-clang | 3.10.4 | 1217.50 | 419.75 | 1637.25 | NOTE | |
r-devel-linux-x86_64-debian-gcc | 3.10.4 | 1042.62 | 337.24 | 1379.86 | NOTE | |
r-devel-linux-x86_64-fedora-clang | 3.10.4 | 1440.00 | 362.72 | 1802.72 | OK | |
r-devel-linux-x86_64-fedora-gcc | 3.10.4 | 2940.00 | -33.81 | 2906.19 | OK | |
r-devel-windows-x86_64 | 3.10.4 | 1026.00 | 432.00 | 1458.00 | OK | --no-vignettes |
r-patched-linux-x86_64 | 3.10.4 | 1267.07 | 448.94 | 1716.01 | OK | |
r-release-linux-x86_64 | 3.10.4 | 1277.84 | 453.72 | 1731.56 | OK | |
r-release-macos-arm64 | 3.10.4 | 402.00 | 166.00 | 568.00 | OK | |
r-release-windows-x86_64 | 3.10.4 | 1036.00 | 438.00 | 1474.00 | OK | --no-vignettes |
r-oldrel-macos-arm64 | 3.10.4 | 396.00 | 140.00 | 536.00 | NOTE | |
r-oldrel-windows-x86_64 | 3.10.4 | 1104.00 | 481.00 | 1585.00 | NOTE | --no-vignettes |
Version: 3.10.4
Check: HTML version of manual
Result: NOTE
Found the following HTML validation problems:
ctDeintervalise.html:58:1 (ctDeintervalise.Rd:16): Warning: missing </ul> before </div>
ctStanUpdModel.html:58:1 (ctStanUpdModel.Rd:16): Warning: missing </ul> before </div>
ctWideNames.html:81:1 (ctWideNames.Rd:32): Warning: missing </ul> before </div>
Flavors: r-devel-linux-x86_64-debian-clang, r-devel-linux-x86_64-debian-gcc
Version: 3.10.4
Check: installed package size
Result: NOTE
installed size is 201.7Mb
sub-directories of 1Mb or more:
R 2.0Mb
data 1.7Mb
libs 196.6Mb
Flavor: r-oldrel-macos-arm64
Version: 3.10.4
Check: for GNU extensions in Makefiles
Result: NOTE
GNU make is a SystemRequirements.
Flavor: r-oldrel-macos-arm64
Version: 3.10.4
Flags: --no-vignettes
Check: installed package size
Result: NOTE
installed size is 11.7Mb
sub-directories of 1Mb or more:
R 1.2Mb
data 1.7Mb
libs 7.5Mb
Flavor: r-oldrel-windows-x86_64