CRAN Package Check Results for Package cumulocityr

Last updated on 2025-10-21 17:49:45 CEST.

Flavor Version Tinstall Tcheck Ttotal Status Flags
r-devel-linux-x86_64-debian-clang 0.1.0 1.80 25.81 27.61 OK
r-devel-linux-x86_64-debian-gcc 0.1.0 1.42 21.47 22.89 OK
r-devel-linux-x86_64-fedora-clang 0.1.0 32.08 OK
r-devel-linux-x86_64-fedora-gcc 0.1.0 50.79 OK
r-devel-windows-x86_64 0.1.0 3.00 43.00 46.00 OK
r-patched-linux-x86_64 0.1.0 1.89 23.67 25.56 OK
r-release-linux-x86_64 0.1.0 1.78 23.89 25.67 OK
r-release-macos-arm64 0.1.0 1.00 33.00 34.00 OK
r-release-macos-x86_64 0.1.0 2.00 42.00 44.00 OK
r-release-windows-x86_64 0.1.0 4.00 46.00 50.00 OK
r-oldrel-macos-arm64 0.1.0 1.00 22.00 23.00 NOTE
r-oldrel-macos-x86_64 0.1.0 2.00 32.00 34.00 NOTE
r-oldrel-windows-x86_64 0.1.0 4.00 51.00 55.00 NOTE

Additional issues

donttest

Check Details

Version: 0.1.0
Check: LazyData
Result: NOTE 'LazyData' is specified without a 'data' directory Flavors: r-oldrel-macos-arm64, r-oldrel-macos-x86_64, r-oldrel-windows-x86_64