CRAN Package Check Results for Package cyclocomp

Last updated on 2025-10-21 17:49:45 CEST.

Flavor Version Tinstall Tcheck Ttotal Status Flags
r-devel-linux-x86_64-debian-clang 1.1.1 2.26 28.62 30.88 NOTE
r-devel-linux-x86_64-debian-gcc 1.1.1 1.39 23.08 24.47 NOTE
r-devel-linux-x86_64-fedora-clang 1.1.1 44.38 OK
r-devel-linux-x86_64-fedora-gcc 1.1.1 41.62 OK
r-devel-windows-x86_64 1.1.1 3.00 49.00 52.00 OK
r-patched-linux-x86_64 1.1.1 2.34 26.22 28.56 OK
r-release-linux-x86_64 1.1.1 1.58 26.14 27.72 OK
r-release-macos-arm64 1.1.1 1.00 19.00 20.00 OK
r-release-macos-x86_64 1.1.1 2.00 28.00 30.00 OK
r-release-windows-x86_64 1.1.1 4.00 51.00 55.00 OK
r-oldrel-macos-arm64 1.1.1 1.00 18.00 19.00 OK
r-oldrel-macos-x86_64 1.1.1 2.00 29.00 31.00 OK
r-oldrel-windows-x86_64 1.1.1 4.00 57.00 61.00 OK

Check Details

Version: 1.1.1
Check: CRAN incoming feasibility
Result: NOTE Maintainer: ‘Gabor Csardi <csardi.gabor@gmail.com>’ No Authors@R field in DESCRIPTION. Please add one, modifying Authors@R: person(given = "Gabor", family = "Csardi", role = c("aut", "cre"), email = "csardi.gabor@gmail.com") as necessary. Flavors: r-devel-linux-x86_64-debian-clang, r-devel-linux-x86_64-debian-gcc