Last updated on 2025-10-22 17:49:35 CEST.
Flavor | Version | Tinstall | Tcheck | Ttotal | Status | Flags |
---|---|---|---|---|---|---|
r-devel-linux-x86_64-debian-clang | 2.5.1 | 72.48 | 594.35 | 666.83 | NOTE | |
r-devel-linux-x86_64-debian-gcc | 2.5.1 | 52.55 | 404.20 | 456.75 | NOTE | |
r-devel-linux-x86_64-fedora-clang | 2.5.1 | 374.00 | 682.60 | 1056.60 | OK | |
r-devel-linux-x86_64-fedora-gcc | 2.5.1 | 148.00 | 853.49 | 1001.49 | OK | |
r-devel-windows-x86_64 | 2.5.1 | 80.00 | 506.00 | 586.00 | OK | |
r-patched-linux-x86_64 | 2.5.1 | 81.41 | 553.87 | 635.28 | OK | |
r-release-linux-x86_64 | 2.5.1 | 64.64 | 558.46 | 623.10 | OK | |
r-release-macos-arm64 | 2.5.1 | 34.00 | 204.00 | 238.00 | OK | |
r-release-macos-x86_64 | 2.5.1 | 79.00 | 252.00 | 331.00 | OK | |
r-release-windows-x86_64 | 2.5.1 | 76.00 | 511.00 | 587.00 | OK | |
r-oldrel-macos-arm64 | 2.5.1 | 33.00 | 187.00 | 220.00 | OK | |
r-oldrel-macos-x86_64 | 2.5.1 | 63.00 | 295.00 | 358.00 | OK | |
r-oldrel-windows-x86_64 | 2.5.1 | 107.00 | 636.00 | 743.00 | OK |
Version: 2.5.1
Check: HTML version of manual
Result: NOTE
Found the following HTML validation problems:
dot-util_internal_normalize_meta_data.html:61:1 (dot-util_internal_normalize_meta_data.Rd:20): Warning: missing </ul> before </div>
util_ds1_eval_env.html:60:1 (util_ds1_eval_env.Rd:19): Warning: missing </ul> before </div>
Flavors: r-devel-linux-x86_64-debian-clang, r-devel-linux-x86_64-debian-gcc