Last updated on 2025-10-21 17:49:45 CEST.
Flavor | Version | Tinstall | Tcheck | Ttotal | Status | Flags |
---|---|---|---|---|---|---|
r-devel-linux-x86_64-debian-clang | 0.9-32 | 46.32 | 151.55 | 197.87 | NOTE | |
r-devel-linux-x86_64-debian-gcc | 0.9-32 | 32.17 | 99.78 | 131.95 | NOTE | |
r-devel-linux-x86_64-fedora-clang | 0.9-32 | 174.00 | 174.47 | 348.47 | OK | |
r-devel-linux-x86_64-fedora-gcc | 0.9-32 | 129.00 | 200.82 | 329.82 | OK | |
r-devel-windows-x86_64 | 0.9-32 | 66.00 | 182.00 | 248.00 | OK | |
r-patched-linux-x86_64 | 0.9-32 | 44.40 | 132.93 | 177.33 | OK | |
r-release-linux-x86_64 | 0.9-32 | 43.37 | 135.09 | 178.46 | OK | |
r-release-macos-arm64 | 0.9-32 | 37.00 | 84.00 | 121.00 | OK | |
r-release-macos-x86_64 | 0.9-32 | 79.00 | 227.00 | 306.00 | OK | |
r-release-windows-x86_64 | 0.9-32 | 68.00 | 182.00 | 250.00 | OK | |
r-oldrel-macos-arm64 | 0.9-32 | 38.00 | 67.00 | 105.00 | NOTE | |
r-oldrel-macos-x86_64 | 0.9-32 | 82.00 | 227.00 | 309.00 | OK | |
r-oldrel-windows-x86_64 | 0.9-32 | 70.00 | 227.00 | 297.00 | OK |
Version: 0.9-32
Check: top-level files
Result: NOTE
Found the following validation problem for the NEWS.Rd HTML conversion:
NEWS.html:80:1 (inst/NEWS.Rd:36): Warning: <h4> anchor "BUG-FIXES" already defined
NEWS.html:101:1 (inst/NEWS.Rd:47): Warning: <h4> anchor "BUG-FIXES" already defined
NEWS.html:117:1 (inst/NEWS.Rd:55): Warning: <h4> anchor "USER-VISIBLE-CHANGES" already defined
NEWS.html:134:1 (inst/NEWS.Rd:64): Warning: <h4> anchor "NEW-FEATURES" already defined
NEWS.html:152:1 (inst/NEWS.Rd:72): Warning: <h4> anchor "USER-VISIBLE-CHANGES" already defined
NEWS.html:164:1 (inst/NEWS.Rd:78): Warning: <h4> anchor "BUG-FIXES" already defined
NEWS.html:198:1 (inst/NEWS.Rd:94): Warning: <h4> anchor "NEW-FEATURES" already defined
NEWS.html:225:1 (inst/NEWS.Rd:109): Warning: <h4> anchor "USER-VISIBLE-CHANGES" already defined
NEWS.html:238:1 (inst/NEWS.Rd:116): Warning: <h4> anchor "BUG-FIXES" already defined
NEWS.html:255:1 (inst/NEWS.Rd:125): Warning: <h4> anchor "NEW-FEATURES" already defined
NEWS.html:274:1 (inst/NEWS.Rd:136): Warning: <h4> anchor "USER-VISIBLE-CHANGES" already defined
NEWS.html:300:1 (inst/NEWS.Rd:150): Warning: <h4> anchor "BUG-FIXES" already defined
NEWS.html:330:1 (inst/NEWS.Rd:166): Warning: <h4> anchor "NEW-FEATURES" already defined
NEWS.html:364:1 (inst/NEWS.Rd:186): Warning: <h4> anchor "USER-VISIBLE-CHANGES" already defined
NEWS.html:378:1 (inst/NEWS.Rd:192): Warning: <h4> anchor "BUG-FIXES" already defined
NEWS.html:409:1 (inst/NEWS.Rd:207): Warning: <h4> anchor "NEW-FEATURES" already defined
NEWS.html:430:1 (inst/NEWS.Rd:220): Warning: <h4> anchor "BUG-FIXES" already defined
NEWS.html:458:1 (inst/NEWS.Rd:234): Warning: <h4> anchor "BUG-FIXES" already defined
NEWS.html:473:1 (inst/NEWS.Rd:241): Warning: <h4> anchor "NEW-FEATURES" already defined
NEWS.html:493:1 (inst/NEWS.Rd:255): Warning: <h4> anchor "USER-VISIBLE-CHANGES" already defined
NEWS.html:510:1 (inst/NEWS.Rd:264): Warning: <h4> anchor "BUG-FIXES" already defined
NEWS.html:526:1 (inst/NEWS.Rd:272): Warning: <h4> anchor "NEW-FEATURES" already defined
NEWS.html:542:1 (inst/NEWS.Rd:282): Warning: <h4> anchor "USER-VISIBLE-CHANGES" already defined
NEWS.html:555:1 (inst/NEWS.Rd:290): Warning: <h4> anchor "BUG-FIXES" already defined
NEWS.html:570:1 (inst/NEWS.Rd:297): Warning: <h4> anchor "USER-VISIBLE-CHANGES" already defined
NEWS.html:591:1 (inst/NEWS.Rd:308): Warning: <h4> anchor "NEW-FEATURES" already defined
NEWS.html:606:1 (inst/NEWS.Rd:315): Warning: <h4> anchor "NEW-FEATURES" already defined
NEWS.html:619:1 (inst/NEWS.Rd:322): Warning: <h4> anchor "USER-VISIBLE-CHANGES" already defined
NEWS.html:631:1 (inst/NEWS.Rd:328): Warning: <h4> anchor "BUG-FIXES" already defined
NEWS.html:646:1 (inst/NEWS.Rd:335): Warning: <h4> anchor "NEW-FEATURES" already defined
NEWS.html:664:1 (inst/NEWS.Rd:345): Warning: <h4> anchor "USER-VISIBLE-CHANGES" already defined
NEWS.html:705:1 (inst/NEWS.Rd:366): Warning: <h4> anchor "NEW-FEATURES" already defined
NEWS.html:716:1 (inst/NEWS.Rd:371): Warning: <h4> anchor "USER-VISIBLE-CHANGES" already defined
NEWS.html:733:1 (inst/NEWS.Rd:378): Warning: <h4> anchor "BUG-FIXES" already defined
NEWS.html:760:1 (inst/NEWS.Rd:389): Warning: <h4> anchor "NEW-FEATURES" already defined
NEWS.html:775:1 (inst/NEWS.Rd:396): Warning: <h4> anchor "NEW-FEATURES" already defined
NEWS.html:794:1 (inst/NEWS.Rd:405): Warning: <h4> anchor "USER-VISIBLE-CHANGES" already defined
NEWS.html:826:1 (inst/NEWS.Rd:423): Warning: <h4> anchor "NEW-FEATURES" already defined
NEWS.html:848:1 (inst/NEWS.Rd:435): Warning: <h4> anchor "USER-VISIBLE-CHANGES" already defined
NEWS.html:870:1 (inst/NEWS.Rd:445): Warning: <h4> anchor "BUG-FIXES" already defined
NEWS.html:892:1 (inst/NEWS.Rd:455): Warning: <h4> anchor "NEW-FEATURES" already defined
NEWS.html:916:1 (inst/NEWS.Rd:469): Warning: <h4> anchor "USER-VISIBLE-CHANGES" already defined
NEWS.html:945:1 (inst/NEWS.Rd:484): Warning: <h4> anchor "BUG-FIXES" already defined
Flavors: r-devel-linux-x86_64-debian-clang, r-devel-linux-x86_64-debian-gcc
Version: 0.9-32
Check: package vignettes
Result: NOTE
Package has ‘vignettes’ subdirectory but apparently no vignettes.
Perhaps the ‘VignetteBuilder’ information is missing from the
DESCRIPTION file?
Flavor: r-oldrel-macos-arm64