Last updated on 2025-10-24 18:49:53 CEST.
| Flavor | Version | Tinstall | Tcheck | Ttotal | Status | Flags |
|---|---|---|---|---|---|---|
| r-devel-linux-x86_64-debian-clang | 2.3-3 | 25.89 | 179.32 | 205.21 | OK | |
| r-devel-linux-x86_64-debian-gcc | 2.3-3 | 21.12 | 130.74 | 151.86 | OK | |
| r-devel-linux-x86_64-fedora-clang | 2.3-3 | 68.00 | 255.67 | 323.67 | OK | |
| r-devel-linux-x86_64-fedora-gcc | 2.3-3 | 61.00 | 256.74 | 317.74 | OK | |
| r-devel-windows-x86_64 | 2.3-3 | 22.00 | 171.00 | 193.00 | OK | |
| r-patched-linux-x86_64 | 2.3-3 | 26.66 | 174.30 | 200.96 | OK | |
| r-release-linux-x86_64 | 2.3-3 | 26.83 | 174.41 | 201.24 | OK | |
| r-release-macos-arm64 | 2.3-3 | 7.00 | 63.00 | 70.00 | OK | |
| r-release-macos-x86_64 | 2.3-3 | 12.00 | 103.00 | 115.00 | OK | |
| r-release-windows-x86_64 | 2.3-3 | 22.00 | 171.00 | 193.00 | OK | |
| r-oldrel-macos-arm64 | 2.3-3 | 6.00 | 62.00 | 68.00 | NOTE | |
| r-oldrel-macos-x86_64 | 2.3-3 | 14.00 | 109.00 | 123.00 | NOTE | |
| r-oldrel-windows-x86_64 | 2.3-3 | 29.00 | 222.00 | 251.00 | NOTE |
Version: 2.3-3
Check: package dependencies
Result: NOTE
Package suggested but not available for checking: ‘BRugs’
Flavors: r-oldrel-macos-arm64, r-oldrel-macos-x86_64, r-oldrel-windows-x86_64