CRAN Package Check Results for Package deal

Last updated on 2025-10-21 17:49:45 CEST.

Flavor Version Tinstall Tcheck Ttotal Status Flags
r-devel-linux-x86_64-debian-clang 1.2-42 6.74 42.53 49.27 NOTE
r-devel-linux-x86_64-debian-gcc 1.2-42 4.86 30.15 35.01 NOTE
r-devel-linux-x86_64-fedora-clang 1.2-42 18.00 55.75 73.75 OK
r-devel-linux-x86_64-fedora-gcc 1.2-42 20.00 46.61 66.61 OK
r-devel-windows-x86_64 1.2-42 9.00 55.00 64.00 OK
r-patched-linux-x86_64 1.2-42 7.26 37.62 44.88 OK
r-release-linux-x86_64 1.2-42 5.34 38.58 43.92 OK
r-release-macos-arm64 1.2-42 4.00 20.00 24.00 OK
r-release-macos-x86_64 1.2-42 7.00 34.00 41.00 OK
r-release-windows-x86_64 1.2-42 10.00 62.00 72.00 OK
r-oldrel-macos-arm64 1.2-42 4.00 18.00 22.00 OK
r-oldrel-macos-x86_64 1.2-42 5.00 28.00 33.00 OK
r-oldrel-windows-x86_64 1.2-42 10.00 55.00 65.00 OK

Check Details

Version: 1.2-42
Check: CRAN incoming feasibility
Result: NOTE Maintainer: ‘Claus Dethlefsen <rpackage.deal@gmail.com>’ No Authors@R field in DESCRIPTION. Please add one, modifying Authors@R: c(person(given = c("Susanne", "Gammelgaard"), family = "Bottcher", role = "aut"), person(given = "Claus", family = "Dethlefsen.", role = "aut"), person(given = "Claus", family = "Dethlefsen", role = "cre", email = "rpackage.deal@gmail.com")) as necessary. Flavors: r-devel-linux-x86_64-debian-clang, r-devel-linux-x86_64-debian-gcc