Last updated on 2025-10-25 06:49:38 CEST.
| Flavor | Version | Tinstall | Tcheck | Ttotal | Status | Flags |
|---|---|---|---|---|---|---|
| r-devel-linux-x86_64-debian-clang | 0.3.0 | 9.06 | 32.00 | 41.06 | NOTE | |
| r-devel-linux-x86_64-debian-gcc | 0.3.0 | 7.69 | 25.79 | 33.48 | NOTE | |
| r-devel-linux-x86_64-fedora-clang | 0.3.0 | 35.00 | 35.93 | 70.93 | NOTE | |
| r-devel-linux-x86_64-fedora-gcc | 0.3.0 | 28.00 | 55.81 | 83.81 | NOTE | |
| r-devel-windows-x86_64 | 0.3.0 | 14.00 | 70.00 | 84.00 | NOTE | |
| r-patched-linux-x86_64 | 0.3.0 | 10.42 | 29.40 | 39.82 | NOTE | |
| r-release-linux-x86_64 | 0.3.0 | 10.79 | 29.77 | 40.56 | NOTE | |
| r-release-macos-arm64 | 0.3.0 | 6.00 | 24.00 | 30.00 | NOTE | |
| r-release-macos-x86_64 | 0.3.0 | 9.00 | 47.00 | 56.00 | NOTE | |
| r-release-windows-x86_64 | 0.3.0 | 14.00 | 74.00 | 88.00 | NOTE | |
| r-oldrel-macos-arm64 | 0.3.0 | 6.00 | 23.00 | 29.00 | NOTE | |
| r-oldrel-macos-x86_64 | 0.3.0 | 8.00 | 38.00 | 46.00 | NOTE | |
| r-oldrel-windows-x86_64 | 0.3.0 | 17.00 | 87.00 | 104.00 | NOTE |
Version: 0.3.0
Check: C++ specification
Result: NOTE
Specified C++11: please drop specification unless essential
Flavors: r-devel-linux-x86_64-debian-clang, r-devel-linux-x86_64-debian-gcc, r-devel-linux-x86_64-fedora-clang, r-devel-linux-x86_64-fedora-gcc, r-devel-windows-x86_64, r-patched-linux-x86_64, r-release-linux-x86_64, r-release-macos-arm64, r-release-macos-x86_64, r-release-windows-x86_64, r-oldrel-macos-arm64, r-oldrel-macos-x86_64, r-oldrel-windows-x86_64
Version: 0.3.0
Check: LazyData
Result: NOTE
'LazyData' is specified without a 'data' directory
Flavors: r-oldrel-macos-arm64, r-oldrel-macos-x86_64, r-oldrel-windows-x86_64